NOAA-Style Climate Reports


Report for 2020 September
                   MONTHLY CLIMATOLOGICAL SUMMARY for Sep 2020


NAME: Albertville, AL-KQ5S                  
ELEV: 1024 feet    LAT: 34-14.64 N    LONG: 086-14.10 W


                   TEMPERATURE (F), RAIN (in), WIND SPEED (mph)

                                         HEAT   COOL         AVG
      MEAN                               DEG    DEG          WIND                   DOM
DAY   TEMP   HIGH   TIME    LOW   TIME   DAYS   DAYS   RAIN  SPEED   HIGH   TIME    DIR
---------------------------------------------------------------------------------------
 01   77.1   88.1  13:55   70.0  04:45    0.0   12.1   0.45    0.5   14.0  15:55    164
 02   78.8   88.8  16:00   73.2  00:00    0.0   13.8   0.00    0.4   12.0  14:50    241
 03   78.5   89.8  16:10   69.7  06:50    0.0   13.5   0.00    0.4   14.0  10:35    277
 04   78.5   88.8  15:50   70.3  06:40    0.0   13.5   0.00    0.3   15.0  17:55    323
 05   73.3   84.3  16:05   61.9  06:55    0.0    8.3   0.00    0.7   13.0  09:20     49
 06   72.1   84.8  15:50   59.3  06:35    0.0    7.1   0.00    0.6   10.0  11:45    113
 07   72.4   86.0  16:05   59.6  06:40    0.0    7.4   0.00    0.0    0.0  00:05    N/A
 08   74.7   84.7  13:05   64.2  06:30    0.0    9.7   0.00    0.4   10.0  11:10    137
 09   74.7   84.8  16:10   64.9  07:15    0.0    9.7   0.00    0.7   12.0  09:50    110
 10   76.8   86.5  17:20   69.7  06:55    0.0   11.8   0.00    0.3    9.0  09:55     76
 11   78.9   89.5  15:45   69.6  05:30    0.0   13.9   0.00    0.5   10.0  12:05    106
 12   79.0   88.5  16:20   73.0  05:40    0.0   14.0   0.00    1.1   15.0  12:35    153
 13   78.5   88.0  15:45   72.5  04:45    0.0   13.5   0.00    1.0   12.0  08:50    137
 14   77.5   88.0  13:25   70.0  06:40    0.0   12.5   0.00    1.1   15.0  14:45     76
 15   73.3   77.6  14:10   68.7  22:25    0.0    8.3   0.00    2.9   16.0  11:50    101
 16   67.9   70.2  13:35   64.3  09:15    0.0    2.9   0.12    4.7   19.0  13:25     91
 17   75.3   83.2  16:25   68.9  01:50    0.0   10.3   0.01    2.5   17.0  00:50     50
 18   70.3   78.0  13:40   63.8  06:10    0.0    5.3   0.00    1.7   19.0  12:50     48
 19   66.5   72.8  14:45   61.1  04:25    0.0    1.5   0.00    1.3   13.0  10:35     91
 20   65.5   74.8  16:15   57.6  07:15    0.0    0.5   0.00    2.3   18.0  08:50    108
 21   62.4   72.3  16:25   55.9  06:45    2.6    0.0   0.00    3.8   22.0  08:55    122
 22   61.6   72.3  15:35   51.6  06:45    3.4    0.0   0.00    0.9   14.0  08:50    132
 23   62.7   73.4  14:10   53.0  06:30    2.3    0.0   0.11    1.0   13.0  19:40     73
 24   61.2   65.3  15:40   55.6  00:05    3.8    0.0   1.58    2.2   19.0  13:45     88
 25   67.0   70.3  15:30   63.8  00:05    0.0    2.0   0.07    0.1    7.0  11:00    317
 26   67.8   76.3  17:25   63.1  22:55    0.0    2.8   0.00    0.0    0.0  00:05    N/A
 27   71.6   83.2  15:55   63.6  03:15    0.0    6.6   0.00    0.3    9.0  15:40    169
 28   69.7   81.1  15:00   58.1  00:00    0.0    4.7   0.35    1.3   17.0  17:25    211
 29   58.7   67.1  16:10   48.8  23:55    6.3    0.0   0.00    0.5   13.0  13:50    311
 30   58.5   75.5  16:10   45.2  05:30    6.5    0.0   0.00    0.4   11.0  12:20    280
---------------------------------------------------------------------------------------
      71.0   89.8     03   45.2     30   24.9  205.7   2.69    1.1   22.0     21     99