NOAA-Style Climate Reports


Report for 2020 October
                   MONTHLY CLIMATOLOGICAL SUMMARY for Oct 2020


NAME: Albertville, AL-KQ5S                  
ELEV: 1024 feet    LAT: 34-14.64 N    LONG: 086-14.10 W


                   TEMPERATURE (F), RAIN (in), WIND SPEED (mph)

                                         HEAT   COOL         AVG
      MEAN                               DEG    DEG          WIND                   DOM
DAY   TEMP   HIGH   TIME    LOW   TIME   DAYS   DAYS   RAIN  SPEED   HIGH   TIME    DIR
---------------------------------------------------------------------------------------
 01   59.8   73.4  16:10   49.9  07:00    5.2    0.0   0.00    0.7   12.0  14:05    312
 02   55.1   66.6  17:00   46.1  06:45    9.9    0.0   0.00    0.8   13.0  11:10    359
 03   55.9   73.7  16:55   43.5  06:40    9.1    0.0   0.00    0.3    8.0  08:55     96
 04   60.5   73.6  16:05   48.0  07:05    4.5    0.0   0.00    0.2    9.0  11:00    212
 05   61.9   76.4  16:20   51.5  06:55    3.1    0.0   0.00    0.3   12.0  08:35     76
 06   63.9   79.9  16:50   51.5  07:00    1.1    0.0   0.00    0.3    9.0  10:55    126
 07   64.6   81.8  16:45   51.7  07:20    0.4    0.0   0.00    0.2    7.0  12:50    324
 08   66.3   82.4  16:05   51.4  06:55    0.0    1.3   0.00    0.1    7.0  10:35     78
 09   67.5   71.1  15:40   62.5  22:20    0.0    2.5   0.32    2.2   21.0  19:00    126
 10   67.5   71.2  16:25   63.1  00:05    0.0    2.5   2.00    2.9   15.0  00:45    110
 11   69.2   72.4  14:55   67.2  00:45    0.0    4.2   0.29    0.2    9.0  13:40    186
 12
 13
 14
 15
 16
 17
 18   62.8   64.2  19:45   61.1  00:00    2.2    0.0   0.00    1.4    9.0  22:30    136
 19   65.6   77.2  16:20   55.9  06:50    0.0    0.6   0.00    1.2   12.0  11:25    153
 20   66.4   78.5  16:15   55.9  07:15    0.0    1.4   0.00    0.6   10.0  11:45    132
 21   67.8   80.3  16:30   58.1  03:15    0.0    2.8   0.00    0.7   12.0  10:50    132
 22   69.6   78.9  15:55   62.7  07:30    0.0    4.6   0.00    1.0   13.0  16:45    130
 23   70.4   80.0  16:50   64.2  05:20    0.0    5.4   0.00    0.8   12.0  10:35    150
 24   64.5   66.8  15:30   60.4  22:15    0.5    0.0   0.62    0.2    9.0  16:55     45
 25   64.8   71.6  15:50   59.8  04:30    0.2    0.0   0.01    0.0    5.0  13:35    270
 26   67.0   74.6  14:55   61.3  23:20    0.0    2.0   0.00    0.0    5.0  10:35    351
 27   67.3   73.4  16:35   61.9  00:05    0.0    2.3   0.00    0.5    9.0  11:20    108
 28   71.1   74.3  15:45   68.4  00:05    0.0    6.1   0.36    1.6   17.0  22:20    151
 29   63.6   71.4  00:05   47.6  21:50    1.4    0.0   1.16    3.3   27.0  02:00    263
 30   50.3   57.1  16:40   44.9  23:55   14.7    0.0   0.00    2.0   16.0  05:05    341
 31   53.0   65.7  16:00   41.1  07:00   12.0    0.0   0.00    2.2   23.0  09:55    127
---------------------------------------------------------------------------------------
      63.9   82.4     08   41.1     31   64.2   35.8   4.76    0.9   27.0     29    126