NOAA-Style Climate Reports


Report for 2020 November
                   MONTHLY CLIMATOLOGICAL SUMMARY for Nov 2020


NAME: Albertville, AL-KQ5S                  
ELEV: 1024 feet    LAT: 34-14.64 N    LONG: 086-14.10 W


                   TEMPERATURE (F), RAIN (in), WIND SPEED (mph)

                                         HEAT   COOL         AVG
      MEAN                               DEG    DEG          WIND                   DOM
DAY   TEMP   HIGH   TIME    LOW   TIME   DAYS   DAYS   RAIN  SPEED   HIGH   TIME    DIR
---------------------------------------------------------------------------------------
 01   56.5   65.7  12:55   44.5  00:00    8.5    0.0   0.00    2.3   21.0  18:25    316
 02   42.9   54.3  15:25   34.2  23:55   22.1    0.0   0.00    1.3   15.0  01:05     21
 03   46.5   65.2  15:35   32.4  05:55   18.5    0.0   0.00    0.2    8.0  11:00    314
 04   52.0   68.3  15:25   37.5  06:30   13.0    0.0   0.00    0.4   10.0  12:50    135
 05   55.3   67.2  15:10   44.0  05:00    9.7    0.0   0.00    0.4    9.0  11:45    133
 06   59.8   72.3  15:35   47.3  05:30    5.2    0.0   0.00    0.6   11.0  10:40    101
 07   62.4   69.8  10:15   52.9  02:05    2.6    0.0   0.02    1.9   18.0  09:30    103
 08   68.2   74.3  15:20   63.1  06:40    0.0    3.2   0.01    3.7   22.0  09:00    117
 09   69.1   76.0  14:50   64.8  03:15    0.0    4.1   0.00    3.6   19.0  08:50    123
 10   68.3   70.6  10:40   65.4  02:05    0.0    3.3   0.00    3.5   17.0  03:45    128
 11   68.0   71.8  15:40   60.4  23:40    0.0    3.0   0.87    0.2    8.0  16:35      4
 12   56.1   60.4  00:05   48.1  21:55    8.9    0.0   0.01    0.3    9.0  02:55    345
 13   53.5   67.8  15:20   43.7  00:00   11.5    0.0   0.00    0.4    9.0  10:25    320
 14   56.4   70.3  15:20   40.5  05:55    8.6    0.0   0.00    1.5   11.0  11:45    147
 15   55.7   65.6  09:10   42.2  20:55    9.3    0.0   0.00    1.8   21.0  09:25    250
 16   45.9   60.5  15:25   35.1  06:50   19.1    0.0   0.00    0.7   13.0  12:15    328
 17   46.7   58.5  13:05   34.8  05:25   18.3    0.0   0.00    1.1   20.0  11:25    330
 18   47.1   62.7  15:25   35.9  06:30   17.9    0.0   0.00    0.7   13.0  08:10     73
 19   51.1   63.7  15:30   42.2  04:20   13.9    0.0   0.00    1.4   18.0  09:25    142
 20   54.5   69.2  15:35   44.3  02:55   10.5    0.0   0.00    0.1    8.0  13:05    153
 21   55.1   70.3  15:35   43.6  06:35    9.9    0.0   0.00    0.0    6.0  11:35     37
 22   57.5   67.2  13:25   47.8  00:00    7.5    0.0   0.00    0.6   16.0  21:00    302
 23   45.9   56.3  15:35   39.2  23:45   19.1    0.0   0.00    1.2   14.0  01:40     23
 24   50.9   62.2  15:25   37.9  02:35   14.1    0.0   0.00    3.2   19.0  09:20    143
 25   57.6   61.6  23:10   50.5  02:05    7.4    0.0   0.25    3.6   21.0  09:45    156
 26   55.3   66.6  15:30   41.3  00:00    9.7    0.0   0.00    0.1    7.0  13:10    262
 27   53.0   67.2  13:15   39.2  06:35   12.0    0.0   0.19    0.1    8.0  19:40    122
 28   51.5   58.1  12:20   43.9  23:55   13.5    0.0   0.00    0.5   12.0  08:25     29
 29   50.0   54.8  19:45   43.2  05:20   15.0    0.0   0.71    1.6   24.0  23:25    138
 30   36.7   44.4  00:05   30.4  00:00   28.3    0.0   0.05    4.0   23.0  00:55    293
---------------------------------------------------------------------------------------
      54.3   76.0     09   30.4     01  333.8   13.5   2.11    1.4   24.0     29    126