NOAA-Style Climate Reports


Report for 2020 December
                   MONTHLY CLIMATOLOGICAL SUMMARY for Dec 2020


NAME: Albertville, AL-KQ5S                  
ELEV: 1024 feet    LAT: 34-14.64 N    LONG: 086-14.10 W


                   TEMPERATURE (F), RAIN (in), WIND SPEED (mph)

                                         HEAT   COOL         AVG
      MEAN                               DEG    DEG          WIND                   DOM
DAY   TEMP   HIGH   TIME    LOW   TIME   DAYS   DAYS   RAIN  SPEED   HIGH   TIME    DIR
---------------------------------------------------------------------------------------
 01   31.1   41.3  15:35   24.4  00:00   33.9    0.0   0.01    1.0   13.0  10:40    294
 02   33.8   51.5  15:40   20.8  06:05   31.2    0.0   0.00    0.5   11.0  10:35     44
 03   44.0   53.8  12:55   28.2  01:00   21.0    0.0   0.00    2.5   14.0  12:35    146
 04   46.0   51.2  12:15   35.5  00:00   19.0    0.0   0.44    1.2   16.0  14:40    216
 05   40.6   55.5  15:30   30.3  06:25   24.4    0.0   0.01    0.4   11.0  13:10    305
 06   44.1   56.6  13:35   31.6  07:20   20.9    0.0   0.00    0.1    9.0  16:20    256
 07   37.7   43.3  00:05   31.6  23:45   27.3    0.0   0.00    1.5   19.0  11:35    312
 08   35.3   45.9  15:35   24.9  06:55   29.7    0.0   0.00    0.6   15.0  11:10    318
 09   42.4   60.7  15:40   27.4  05:50   22.6    0.0   0.00    0.1    8.0  08:50    279
 10   49.9   67.3  14:25   36.1  06:55   15.1    0.0   0.00    0.1    7.0  12:20    165
 11   53.5   64.4  13:25   40.6  02:35   11.5    0.0   0.00    0.7   12.0  11:55    160
 12   56.6   59.6  14:35   51.4  00:00    8.4    0.0   0.36    1.0   15.0  07:55    165
 13   52.4   62.2  14:55   45.0  06:50   12.6    0.0   0.89    0.3   12.0  23:50     89
 14   41.2   48.8  00:05   35.0  00:00   23.8    0.0   1.01    2.2   21.0  02:55    338
 15   41.1   48.7  15:25   31.5  06:25   23.9    0.0   0.00    2.0   16.0  09:35    123
 16   41.0   45.1  12:50   34.1  23:55   24.0    0.0   0.35    1.5   18.0  00:55    168
 17   33.8   40.0  15:40   27.0  23:20   31.2    0.0   0.00    1.0   15.0  12:40    298
 18   34.6   48.0  15:50   24.0  07:05   30.4    0.0   0.00    0.1    8.0  08:35     81
 19   42.3   50.8  14:40   30.5  05:30   22.7    0.0   0.00    1.3   16.0  10:25    157
 20   46.9   53.0  12:20   43.0  23:30   18.1    0.0   0.05    0.0    8.0  00:40    228
 21   47.1   56.6  15:40   40.0  00:00   17.9    0.0   0.00    0.3   13.0  14:40    267
 22   45.1   58.9  15:55   35.1  03:55   19.9    0.0   0.00    0.1    9.0  09:45     38
 23   50.1   57.2  15:00   40.0  01:10   14.9    0.0   0.13    3.3   20.0  23:30    147
 24   38.9   52.1  00:05   26.9  23:55   26.1    0.0   1.56    3.1   22.0  18:05    287
 25   26.3   32.7  14:50   20.8  07:05   38.7    0.0   0.00    1.6   21.0  14:20    287
 26   31.3   47.5  15:35   18.2  06:50   33.7    0.0   0.00    0.1    8.0  13:10    247
 27   42.8   55.9  14:40   27.5  06:40   22.2    0.0   0.00    0.9   16.0  14:55    170
 28   47.1   56.0  14:10   39.5  00:00   17.9    0.0   0.00    0.0    7.0  12:20    240
 29   46.8   59.3  15:45   36.5  06:40   18.2    0.0   0.00    0.4   10.0  15:50    109
 30   54.2   65.7  14:45   42.7  04:45   10.8    0.0   0.00    3.2   21.0  10:50    151
 31   54.9   58.6  11:35   50.9  04:25   10.1    0.0   0.05    1.3   14.0  01:35    121
---------------------------------------------------------------------------------------
      43.0   67.3     10   18.2     26  682.0    0.0   4.86    1.1   22.0     24    177