NOAA-Style Climate Reports


Report for 2021 January
                   MONTHLY CLIMATOLOGICAL SUMMARY for Jan 2021


NAME: Albertville, AL-KQ5S                  
ELEV: 1024 feet    LAT: 34-14.64 N    LONG: 086-14.10 W


                   TEMPERATURE (F), RAIN (in), WIND SPEED (mph)

                                         HEAT   COOL         AVG
      MEAN                               DEG    DEG          WIND                   DOM
DAY   TEMP   HIGH   TIME    LOW   TIME   DAYS   DAYS   RAIN  SPEED   HIGH   TIME    DIR
---------------------------------------------------------------------------------------
 01   62.9   70.6  15:05   51.6  00:00    2.1    0.0   0.38    4.6   25.0  04:20    162
 02   49.4   59.1  13:35   39.5  07:15   15.6    0.0   0.00    0.8   15.0  23:45    237
 03   40.8   50.4  15:55   31.4  23:55   24.2    0.0   0.00    1.6   15.0  00:50    289
 04   43.5   55.7  14:00   28.9  06:15   21.5    0.0   0.00    0.1   13.0  13:30    252
 05   42.8   51.7  15:45   31.6  00:00   22.2    0.0   0.00    0.4   15.0  10:50    304
 06   39.8   52.9  15:45   28.0  05:30   25.2    0.0   0.00    0.4   11.0  09:30     81
 07   39.3   43.8  14:05   37.3  03:25   25.7    0.0   0.45    3.9   28.0  14:25    105
 08   35.9   38.6  01:30   33.4  23:20   29.1    0.0   0.05    1.2   17.0  16:25    310
 09   32.4   33.6  00:05   30.3  23:25   32.6    0.0   0.00    1.2   13.0  00:20    330
 10   34.6   42.5  15:40   28.4  06:45   30.4    0.0   0.00    0.4   11.0  06:10     59
 11   38.1   40.4  13:45   36.2  23:10   26.9    0.0   0.24    0.0    6.0  10:30     81
 12   33.1   38.2  16:05   24.8  00:00   31.9    0.0   0.00    0.1    8.0  07:10    297
 13   30.9   38.9  13:25   22.1  07:15   34.1    0.0   0.01    0.0    8.0  13:35    284
 14   41.4   54.7  15:40   26.7  07:15   23.6    0.0   0.01    1.1   15.0  13:05    182
 15   43.7   50.4  14:15   34.5  07:45   21.3    0.0   0.00    1.9   19.0  15:15    271
 16   37.7   42.3  14:35   34.2  07:55   27.3    0.0   0.00    1.6   17.0  09:25    286
 17   41.8   50.3  13:55   35.1  06:45   23.2    0.0   0.00    0.7   15.0  13:55    266
 18   38.9   53.3  15:50   27.4  07:20   26.1    0.0   0.00    0.8   18.0  11:35    286
 19   42.6   49.0  11:25   31.6  00:45   22.4    0.0   0.00    0.0   10.0  20:10    275
 20   43.7   49.4  14:25   36.7  07:40   21.3    0.0   0.06    0.3   12.0  09:25    304
 21   45.1   49.4  12:50   40.4  01:10   19.9    0.0   0.14    0.0    8.0  07:30    292
 22   45.1   55.5  15:50   36.5  23:58   19.9    0.0   0.00    0.1   10.0  12:45     30
 23   42.4   54.5  15:54   32.3  06:33   22.6    0.0   0.00    0.9   16.0  09:13     74
 24   50.6   60.8  13:59   40.3  05:05   14.4    0.0   0.10    2.5   16.0  08:57    153
 25   59.1   66.3  15:31   53.5  00:00    5.9    0.0   1.25    2.7   16.0  13:15    168
 26   59.8   65.2  13:49   52.2  23:27    5.2    0.0   0.02    0.7   10.0  03:20    289
 27   49.7   59.9  12:09   35.4  23:58   15.3    0.0   0.01    2.8   22.0  15:42    295
 28   35.8   42.2  15:44   29.6  23:53   29.2    0.0   0.00    2.7   18.0  03:36    332
 29   35.5   50.0  15:59   27.1  06:42   29.5    0.0   0.00    0.4   10.0  07:50     55
 30   44.8   53.4  15:59   35.2  02:18   20.2    0.0   0.00    5.3   34.0  22:17    147
 31   52.1   66.3  13:20   38.5  23:48   12.9    0.0   0.36    3.4   26.0  17:52    284
---------------------------------------------------------------------------------------
      43.0   70.6     01   22.1     13  681.9    0.0   3.08    1.4   34.0     30    203