NOAA-Style Climate Reports


Report for 2021 February
                   MONTHLY CLIMATOLOGICAL SUMMARY for Feb 2021


NAME: Albertville, AL-KQ5S                  
ELEV: 1024 feet    LAT: 34-14.64 N    LONG: 086-14.10 W


                   TEMPERATURE (F), RAIN (in), WIND SPEED (mph)

                                         HEAT   COOL         AVG
      MEAN                               DEG    DEG          WIND                   DOM
DAY   TEMP   HIGH   TIME    LOW   TIME   DAYS   DAYS   RAIN  SPEED   HIGH   TIME    DIR
---------------------------------------------------------------------------------------
 01   35.8   38.5  00:00   33.1  23:59   29.2    0.0   0.00    5.0   29.0  20:10    304
 02   34.4   43.2  15:36   28.4  07:01   30.6    0.0   0.00    2.9   20.0  02:32    325
 03   34.5   47.5  15:46   26.6  05:50   30.5    0.0   0.00    0.6   13.0  00:06    347
 04   42.8   53.6  22:42   26.6  03:01   22.2    0.0   0.08    3.5   22.0  19:14    174
 05   41.7   53.0  00:00   30.0  23:53   23.3    0.0   0.02    1.4   19.0  00:20    298
 06   36.6   47.9  12:56   27.2  06:41   28.4    0.0   0.17    3.8   25.0  20:45    125
 07   37.4   45.4  13:42   30.1  23:37   27.6    0.0   0.08    1.0   15.0  08:25     20
 08   43.3   58.3  15:55   27.4  06:25   21.7    0.0   0.01    1.9   16.0  13:30    155
 09   52.7   61.9  15:30   43.6  23:45   12.3    0.0   0.00    0.3   11.0  12:49    246
 10   53.9   68.2  15:38   39.2  05:55   11.1    0.0   0.00    0.7   11.0  15:44    170
 11   49.0   55.6  06:13   39.1  23:56   16.0    0.0   0.75    0.2   10.0  17:09    306
 12   36.4   39.1  00:00   34.4  07:56   28.6    0.0   0.09    0.7   12.0  01:39    354
 13   35.0   37.1  13:42   32.4  23:33   30.0    0.0   0.34    0.7   11.0  14:25    339
 14   35.1   39.8  12:23   32.3  00:00   29.9    0.0   0.01    1.0   13.0  01:45      4
 15   36.1   44.4  12:44   23.6  23:58   28.9    0.0   0.53    2.9   26.0  11:30    237
 16   19.3   24.8  15:45   14.3  07:27   45.7    0.0   0.00    2.6   15.0  00:38    297
 17   31.5   45.2  15:10   18.3  06:34   33.5    0.0   0.92    1.9   16.0  23:44     81
 18   38.3   43.0  15:07   31.6  23:55   26.7    0.0   0.75    2.2   18.0  00:38     66
 19   31.7   41.3  16:03   26.5  23:55   33.3    0.0   0.00    1.9   16.0  11:14    324
 20   34.3   49.2  16:07   20.5  06:34   30.7    0.0   0.00    0.5   10.0  08:04     20
 21   46.6   59.6  15:46   31.4  00:19   18.4    0.0   0.00    4.2   23.0  10:40    155
 22   50.3   58.2  15:01   35.2  23:59   14.7    0.0   0.31    2.7   17.0  00:18    262
 23   48.7   68.7  15:48   30.9  04:54   16.3    0.0   0.00    0.8   12.0  08:40    285
 24   54.4   71.6  16:00   38.5  04:42   10.6    0.0   0.00    0.8   13.0  12:21    244
 25   58.3   69.2  15:36   46.4  06:59    6.7    0.0   0.00    0.9   12.0  13:48     23
 26   50.8   58.1  23:57   46.0  02:34   14.2    0.0   1.61    1.9   18.0  11:35    116
 27   65.6   74.1  13:41   58.1  00:00    0.0    0.6   0.00    2.6   17.0  23:13    174
 28   69.3   76.1  15:58   64.5  01:43    0.0    4.3   0.00    2.8   17.0  10:44    197
---------------------------------------------------------------------------------------
      43.0   76.1     28   14.3     16  621.1    4.9   5.67    1.9   29.0     01    217