NOAA-Style Climate Reports


Report for 2021 March
                   MONTHLY CLIMATOLOGICAL SUMMARY for Mar 2021


NAME: Albertville, AL-KQ5S                  
ELEV: 1024 feet    LAT: 34-14.64 N    LONG: 086-14.10 W


                   TEMPERATURE (F), RAIN (in), WIND SPEED (mph)

                                         HEAT   COOL         AVG
      MEAN                               DEG    DEG          WIND                   DOM
DAY   TEMP   HIGH   TIME    LOW   TIME   DAYS   DAYS   RAIN  SPEED   HIGH   TIME    DIR
---------------------------------------------------------------------------------------
 01   51.8   68.6  00:00   42.6  23:58   13.2    0.0   0.63    1.1   16.0  01:26    343
 02   43.8   49.1  14:02   40.1  06:02   21.2    0.0   0.00    1.4   15.0  04:07     78
 03   47.8   59.9  16:45   38.2  23:59   17.2    0.0   0.00    1.0   13.0  09:55    321
 04   50.8   67.3  15:28   33.5  06:18   14.2    0.0   0.00    0.8   14.0  12:39    337
 05   51.0   58.1  11:28   42.8  06:23   14.0    0.0   0.00    1.9   16.0  22:50     43
 06   46.6   56.4  15:36   39.5  06:13   18.4    0.0   0.00    2.6   18.0  07:06     44
 07   45.2   60.6  16:39   29.4  06:20   19.8    0.0   0.00    1.6   18.0  09:26     43
 08   48.9   69.0  16:42   30.6  05:54   16.1    0.0   0.00    0.7   11.0  13:43    134
 09   52.7   67.3  14:58   36.0  06:43   12.3    0.0   0.00    1.2   12.0  13:35    178
 10   60.0   70.6  16:24   47.9  06:18    5.0    0.0   0.00    2.8   19.0  15:25    178
 11   60.2   71.4  16:31   51.2  05:49    4.8    0.0   0.00    1.6   17.0  11:45    196
 12   62.9   74.6  14:54   51.4  02:01    2.1    0.0   0.00    0.6   10.0  13:22    255
 13   65.6   74.9  15:25   57.3  05:57    0.0    0.6   0.00    0.3    8.0  13:25     67
 14   66.5   78.3  16:39   52.3  07:16    0.0    1.5   0.00    0.8   14.0  13:47    155
 15   62.2   70.3  15:29   57.7  03:53    2.8    0.0   0.54    3.2   19.0  10:18    144
 16   55.2   58.6  00:00   52.5  22:34    9.8    0.0   0.89    1.8   14.0  10:43    121
 17   57.5   64.7  21:59   52.5  00:00    7.5    0.0   2.22    2.6   30.0  22:16    134
 18   54.4   62.8  01:38   43.2  20:54   10.6    0.0   0.19    3.5   20.0  13:20    266
 19   46.4   50.9  11:54   43.0  02:20   18.6    0.0   0.02    1.6   14.0  12:54    330
 20   50.2   60.5  17:44   42.8  22:47   14.8    0.0   0.00    3.9   23.0  08:25    101
 21   52.6   64.2  17:06   41.1  04:52   12.4    0.0   0.00    2.7   18.0  09:00    106
 22   58.8   69.6  16:56   45.5  05:55    6.2    0.0   0.00    3.0   16.0  09:33    111
 23   58.7   61.4  00:00   55.9  14:37    6.3    0.0   0.20    5.5   24.0  08:44    139
 24   64.1   76.4  16:51   56.1  01:37    0.9    0.0   0.00    0.9   12.0  11:04    177
 25   64.2   69.0  21:21   59.2  08:39    0.8    0.0   2.98    3.1   30.0  08:05    162
 26   65.0   75.8  16:47   54.5  07:19    0.0    0.0   0.00    0.6   12.0  01:03    305
 27   71.7   80.6  15:15   59.9  00:00    0.0    6.7   0.00    2.4   21.0  22:16    195
 28   62.4   72.1  00:00   49.6  23:58    2.6    0.0   0.49    3.3   23.0  10:35    279
 29   52.2   66.9  16:58   38.7  07:21   12.8    0.0   0.00    1.6   13.0  00:19     76
 30   63.1   75.9  15:45   47.7  01:52    1.9    0.0   0.00    4.1   20.0  11:05    158
 31   55.9   65.9  00:05   42.9  23:59    9.1    0.0   1.66    2.6   26.0  05:10    251
---------------------------------------------------------------------------------------
      56.4   80.6     27   29.4     07  275.1    8.8   9.82    2.1   30.0     17    137