NOAA-Style Climate Reports


Report for 2021 April
                   MONTHLY CLIMATOLOGICAL SUMMARY for Apr 2021


NAME: Albertville, AL-KQ5S                  
ELEV: 1024 feet    LAT: 34-14.64 N    LONG: 086-14.10 W


                   TEMPERATURE (F), RAIN (in), WIND SPEED (mph)

                                         HEAT   COOL         AVG
      MEAN                               DEG    DEG          WIND                   DOM
DAY   TEMP   HIGH   TIME    LOW   TIME   DAYS   DAYS   RAIN  SPEED   HIGH   TIME    DIR
---------------------------------------------------------------------------------------
 01   43.2   50.4  16:48   37.7  06:47   21.8    0.0   0.00    3.8   24.0  13:44    336
 02   41.7   54.1  18:01   31.8  05:35   23.3    0.0   0.00    2.0   16.0  11:21     56
 03   46.7   64.9  17:37   29.7  06:46   18.3    0.0   0.00    0.7   10.0  12:51    149
 04   54.2   72.7  17:04   36.3  06:48   10.8    0.0   0.00    0.5    9.0  11:08    293
 05   59.5   77.3  17:00   41.9  06:16    5.5    0.0   0.00    0.6   11.0  13:16    255
 06   63.3   79.2  17:31   48.9  03:40    1.7    0.0   0.00    0.5   10.0  12:30    260
 07   65.9   78.5  16:25   52.1  06:51    0.0    0.9   0.00    1.2   14.0  13:24    180
 08   68.9   80.0  16:44   59.1  23:59    0.0    3.9   0.06    2.4   19.0  11:47    196
 09   63.8   78.2  13:08   52.6  05:52    1.2    0.0   0.00    1.7   20.0  14:32    157
 10   63.9   73.4  16:32   58.7  04:51    1.1    0.0   0.74    1.8   16.0  06:55    179
 11   60.8   74.5  17:20   47.6  06:58    4.2    0.0   0.00    0.8   12.0  15:12    286
 12   63.4   81.9  16:13   44.9  06:15    1.6    0.0   0.00    0.8   15.0  15:55    289
 13   67.5   82.1  16:42   51.5  06:45    0.0    2.5   0.00    0.2    8.0  12:54    239
 14   60.7   74.0  10:54   50.0  06:42    4.3    0.0   0.10    0.3   10.0  10:00    292
 15   57.9   67.1  16:30   49.9  23:55    7.1    0.0   0.00    0.9   14.0  13:02    327
 16   55.1   65.4  14:28   44.5  06:42    9.9    0.0   0.00    0.9   14.0  08:50     81
 17   58.6   69.0  17:33   51.7  04:56    6.4    0.0   0.00    0.4   13.0  12:59    301
 18   56.3   65.2  16:50   42.9  06:30    8.7    0.0   0.00    0.5   10.0  12:09    329
 19   55.5   68.3  17:21   41.6  06:28    9.5    0.0   0.00    0.6   12.0  13:29    314
 20   59.4   74.4  16:35   44.8  06:32    5.6    0.0   0.00    0.5   12.0  13:51    256
 21   45.1   53.3  01:50   35.8  23:56   19.9    0.0   0.00    2.3   19.0  14:32    323
 22   47.4   64.3  17:19   31.2  05:05   17.6    0.0   0.00    0.5   11.0  11:13    299
 23   55.4   68.6  16:51   41.8  01:13    9.6    0.0   0.00    1.1   12.0  13:46    142
 24   59.1   75.4  16:30   50.9  05:53    5.9    0.0   1.43    2.2   20.0  19:07     89
 25   58.0   67.0  17:36   49.5  23:57    7.0    0.0   0.00    1.9   16.0  02:21    358
 26   62.1   79.0  16:49   44.5  06:22    2.9    0.0   0.00    1.3   12.0  08:44    146
 27   68.2   80.3  16:02   53.4  05:39    0.0    3.2   0.00    1.7   17.0  10:12    168
 28   73.3   82.7  16:15   64.8  06:34    0.0    8.3   0.00    0.7   12.0  10:29    181
 29   69.3   76.6  16:16   61.3  05:05    0.0    4.3   0.00    0.9   18.0  09:26    256
 30   66.0   74.7  15:40   54.3  23:59    0.0    1.0   0.00    1.0   15.0  16:43    353
---------------------------------------------------------------------------------------
      59.0   82.7     28   29.7     03  203.9   24.0   2.33    1.2   24.0     01    264