NOAA-Style Climate Reports


Report for 2021 May
                   MONTHLY CLIMATOLOGICAL SUMMARY for May 2021


NAME: Albertville, AL-KQ5S                  
ELEV: 1024 feet    LAT: 34-14.64 N    LONG: 086-14.10 W


                   TEMPERATURE (F), RAIN (in), WIND SPEED (mph)

                                         HEAT   COOL         AVG
      MEAN                               DEG    DEG          WIND                   DOM
DAY   TEMP   HIGH   TIME    LOW   TIME   DAYS   DAYS   RAIN  SPEED   HIGH   TIME    DIR
---------------------------------------------------------------------------------------
 01   63.4   80.2  17:35   47.6  05:35    1.6    0.0   0.00    0.6   13.0  15:05     62
 02   66.8   76.1  13:20   54.8  00:30    0.0    1.8   0.00    2.1   17.0  12:50    162
 03   70.6   78.3  17:35   66.6  05:35    0.0    5.6   0.50    1.5   18.0  00:05    180
 04   67.0   72.2  07:55   62.1  00:00    0.0    2.0   3.17    2.4   20.0  08:15    158
 05   62.9   71.3  17:10   54.2  23:55    2.1    0.0   0.00    0.9   15.0  13:20    316
 06   58.5   72.1  17:20   45.9  06:10    6.5    0.0   0.05    1.0   23.0  19:45    331
 07   56.0   68.7  17:05   46.5  03:30    9.0    0.0   0.00    1.1   15.0  09:20    333
 08   59.8   74.5  16:50   45.3  02:30    5.2    0.0   0.00    0.5    8.0  11:05    212
 09   67.9   81.6  16:00   55.2  05:55    0.0    2.9   1.71    2.1   23.0  10:45    191
 10   62.0   66.4  15:45   57.8  00:00    3.0    0.0   0.07    0.3    9.0  13:30    336
 11   62.0   70.0  16:30   56.3  09:00    3.0    0.0   0.03    0.5   15.0  08:55     62
 12   59.4   69.1  15:40   51.9  00:00    5.6    0.0   0.14    1.8   16.0  09:40     72
 13   58.3   71.2  16:05   46.1  05:55    6.7    0.0   0.00    0.9   11.0  10:10     75
 14   60.0   74.2  16:25   45.8  06:15    5.0    0.0   0.00    0.5    9.0  10:15     13
 15   63.4   78.4  16:25   46.5  05:55    1.6    0.0   0.00    0.3    9.0  12:00    181
 16   66.5   80.7  16:55   51.4  06:00    0.0    1.5   0.00    0.6   13.0  11:20    178
 17   68.3   78.2  14:15   55.6  03:45    0.0    3.3   0.00    1.4   15.0  11:35    154
 18   70.6   75.5  15:50   65.9  06:50    0.0    5.6   0.00    3.3   18.0  12:10    142
 19   73.1   80.2  16:50   66.5  06:50    0.0    8.1   0.00    4.3   23.0  10:10    135
 20   72.4   80.2  16:55   64.5  06:25    0.0    7.4   0.00    3.5   25.0  10:45    141
 21   72.8   83.0  16:20   62.6  06:10    0.0    7.8   0.00    2.4   20.0  12:35    149
 22   73.4   85.1  17:00   62.4  02:50    0.0    8.4   0.00    0.7   11.0  15:25    114
 23   74.1   88.3  17:12   58.1  06:09    0.0    9.1   0.00    0.3   11.0  11:24     38
 24   75.1   89.5  16:31   60.9  05:33    0.0   10.1   0.00    0.2    7.0  12:18     23
 25   76.2   89.2  16:16   62.3  05:37    0.0   11.2   0.00    0.4   10.0  15:58    185
 26   75.1   86.3  16:23   63.5  05:18    0.0   10.1   0.00    0.5   13.0  14:30    238
 27   73.8   82.0  16:25   66.6  05:04    0.0    8.8   0.02    0.3    8.0  11:02    171
 28   71.3   81.8  13:53   67.2  03:15    0.0    6.3   0.59    0.5   14.0  13:59    257
 29   60.9   68.6  16:21   56.0  23:54    4.1    0.0   0.01    1.4   14.0  00:04    344
 30   61.7   74.9  17:24   52.3  06:04    3.3    0.0   0.00    1.4   14.0  07:37     48
 31   66.6   81.0  16:21   50.1  05:27    0.0    1.6   0.00    0.8   12.0  12:01    152
---------------------------------------------------------------------------------------
      66.8   89.5     24   45.3     08   56.8  111.7   6.29    1.2   25.0     20    140