NOAA-Style Climate Reports


Report for 2021 June
                   MONTHLY CLIMATOLOGICAL SUMMARY for Jun 2021


NAME: Albertville, AL-KQ5S                  
ELEV: 1024 feet    LAT: 34-14.64 N    LONG: 086-14.10 W


                   TEMPERATURE (F), RAIN (in), WIND SPEED (mph)

                                         HEAT   COOL         AVG
      MEAN                               DEG    DEG          WIND                   DOM
DAY   TEMP   HIGH   TIME    LOW   TIME   DAYS   DAYS   RAIN  SPEED   HIGH   TIME    DIR
---------------------------------------------------------------------------------------
 01   72.6   82.5  16:35   62.7  06:10    0.0    7.6   0.00    1.8   14.0  08:25    152
 02   69.7   79.4  15:25   63.8  07:35    0.0    4.7   0.24    2.1   17.0  15:15    156
 03   71.9   83.1  17:10   65.4  00:10    0.0    6.9   0.08    0.6   12.0  19:00    206
 04   73.2   84.2  16:15   60.1  06:00    0.0    8.2   0.00    0.3    7.0  13:00     62
 05   75.4   86.1  12:40   67.5  04:35    0.0   10.4   0.00    0.5    9.0  12:30    136
 06   71.4   75.1  15:40   68.6  22:25    0.0    6.4   0.48    1.0   15.0  23:40    147
 07   75.6   83.5  16:00   69.2  01:15    0.0   10.6   0.04    1.2   17.0  10:30    168
 08   74.3   85.3  16:10   65.5  05:00    0.0    9.3   0.10    1.4   16.0  11:10    164
 09   72.4   79.1  16:45   69.1  00:00    0.0    7.4   1.38    0.4    9.0  03:30    167
 10   71.8   77.4  13:50   68.2  01:25    0.0    6.8   0.15    0.2   10.0  11:05    225
 11   75.3   82.8  15:15   69.4  00:30    0.0   10.3   0.00    0.5   13.0  14:10    283
 12   76.4   88.1  13:25   68.8  00:00    0.0   11.4   0.00    0.3   10.0  12:10    314
 13   79.0   92.2  16:18   65.4  05:55    0.0   14.0   0.00    0.4    9.0  11:47     61
 14   80.9   93.3  16:30   70.3  23:57    0.0   15.9   0.00    0.5   13.0  16:30    349
 15   75.6   85.4  16:23   64.7  23:58    0.0   10.6   0.00    1.1   14.0  17:56      5
 16   72.3   84.7  16:00   58.8  05:49    0.0    7.3   0.00    1.3   16.0  13:17     48
 17   74.3   87.3  17:19   58.7  05:49    0.0    9.3   0.00    0.4   12.0  13:14     60
 18   77.2   89.7  12:51   62.0  06:03    0.0   12.2   0.00    0.3   10.0  12:12    168
 19   69.5   74.0  09:43   66.8  22:33    0.0    4.5   4.56    3.0   28.0  23:11     96
 20   75.9   86.3  16:34   67.3  00:13    0.0   10.9   0.34    1.4   22.0  00:00     61
 21   76.2   87.0  12:57   68.9  23:53    0.0   11.2   0.29    0.6   13.0  13:32    252
 22   70.5   79.1  16:35   61.4  23:56    0.0    5.5   0.87    0.7   12.0  10:54    352
 23   70.7   83.8  16:47   56.9  05:40    0.0    5.7   0.00    0.3    8.0  15:40    105
 24   74.9   84.5  16:18   63.8  00:31    0.0    9.9   0.00    1.9   14.0  11:50    139
 25   75.8   83.7  17:19   69.2  06:23    0.0   10.8   0.00    1.6   15.0  10:16    155
 26   74.5   83.2  12:34   66.3  03:14    0.0    9.5   0.30    1.0   12.0  09:29    150
 27   76.7   87.5  16:30   69.5  02:06    0.0   11.7   0.06    1.1   23.0  16:33    141
 28   79.0   88.9  16:45   68.9  05:00    0.0   14.0   0.60    0.8   21.0  22:09    138
 29   75.3   85.1  16:42   69.1  02:39    0.0   10.3   0.03    1.2   16.0  11:20    151
 30   79.6   89.5  16:36   69.8  05:57    0.0   14.6   0.00    0.5   10.0  14:29    161
---------------------------------------------------------------------------------------
      74.6   93.3     14   56.9     23    0.0  288.1   9.52    0.9   28.0     19    134