NOAA-Style Climate Reports


Report for 2021 July
                   MONTHLY CLIMATOLOGICAL SUMMARY for Jul 2021


NAME: Albertville, AL-KQ5S                  
ELEV: 1024 feet    LAT: 34-14.64 N    LONG: 086-14.10 W


                   TEMPERATURE (F), RAIN (in), WIND SPEED (mph)

                                         HEAT   COOL         AVG
      MEAN                               DEG    DEG          WIND                   DOM
DAY   TEMP   HIGH   TIME    LOW   TIME   DAYS   DAYS   RAIN  SPEED   HIGH   TIME    DIR
---------------------------------------------------------------------------------------
 01   75.5   83.3  15:26   68.9  05:28    0.0   10.5   0.00    0.3   10.0  14:13    193
 02   76.3   86.1  16:46   69.9  23:43    0.0   11.3   0.20    0.5   13.0  14:42     30
 03   72.5   81.0  16:48   63.4  23:59    0.0    7.5   0.00    1.0   13.0  08:24     55
 04   72.6   84.8  16:55   59.2  05:37    0.0    7.6   0.00    1.0   15.0  12:14    101
 05   76.4   87.7  16:21   63.8  05:39    0.0   11.4   0.00    0.9   11.0  17:05    123
 06   74.9   84.5  13:06   66.7  05:45    0.0    9.9   0.04    1.2   20.0  21:16    134
 07   73.4   81.0  16:57   69.6  00:36    0.0    8.4   0.39    0.5   11.0  20:26    150
 08   75.9   84.3  15:55   69.1  04:53    0.0   10.9   0.01    0.3   10.0  13:25    285
 09   75.6   85.6  12:13   69.8  23:32    0.0   10.6   0.95    0.5   15.0  16:46    305
 10   76.0   87.4  16:36   68.9  04:16    0.0   11.0   0.01    0.3   13.0  19:19    233
 11   75.7   85.8  14:20   70.4  20:03    0.0   10.7   0.16    1.5   20.0  17:56    186
 12   74.1   81.7  16:12   69.7  23:56    0.0    9.1   0.13    2.2   16.0  13:15    167
 13   73.1   83.9  16:02   66.5  06:17    0.0    8.1   0.21    0.6   18.0  16:53    191
 14   76.4   86.9  16:38   66.4  05:25    0.0   11.4   0.00    0.4   10.0  14:52    250
 15   79.1   89.9  16:49   68.7  06:21    0.0   14.1   0.00    0.2    7.0  12:13    274
 16   77.9   88.0  12:38   70.0  05:39    0.0   12.9   0.16    0.8   26.0  20:01    174
 17   73.7   82.2  12:52   69.5  04:31    0.0    8.7   0.16    0.2   11.0  14:52    183
 18   74.4   82.7  17:33   68.9  04:16    0.0    9.4   0.01    0.1    7.0  13:32    225
 19   73.8   79.6  12:57   71.4  06:19    0.0    8.8   0.22    0.2   10.0  14:22    153
 20   74.8   80.8  14:21   71.0  05:33    0.0    9.8   0.63    0.3   10.0  14:28     89
 21   76.2   87.2  16:46   69.9  05:41    0.0   11.2   0.17    0.2    8.0  17:18    157
 22   78.3   87.1  12:07   69.5  05:06    0.0   13.3   0.01    0.1    9.0  12:31     54
 23   79.6   90.0  16:52   70.6  05:32    0.0   14.6   0.00    0.4    9.0  11:49     34
 24   80.4   90.1  15:46   71.0  06:09    0.0   15.4   0.00    0.1    7.0  17:54    150
 25   80.5   90.8  16:36   72.2  06:03    0.0   15.5   0.00    0.3   20.0  16:37    188
 26   80.0   90.6  11:53   72.1  05:59    0.0   15.0   0.00    0.2   13.0  18:10    342
 27   79.1   90.1  15:24   72.0  23:52    0.0   14.1   0.00    0.5   20.0  17:24     88
 28   80.3   91.7  17:13   69.6  05:42    0.0   15.3   0.00    0.4   10.0  14:41     37
 29   81.3   93.5  16:40   69.6  04:41    0.0   16.3   0.00    0.1    5.0  11:15    324
 30   77.7   90.1  14:18   70.5  22:09    0.0   12.7   0.94    0.6   25.0  19:43    317
 31   76.4   86.6  13:43   71.3  23:33    0.0   11.4   0.01    0.1    8.0  13:22    337
---------------------------------------------------------------------------------------
      76.5   93.5     29   59.2     04    0.0  356.9   4.41    0.5   26.0     16    145