NOAA-Style Climate Reports


Report for 2021 August
                   MONTHLY CLIMATOLOGICAL SUMMARY for Aug 2021


NAME: Albertville, AL-KQ5S                  
ELEV: 1024 feet    LAT: 34-14.64 N    LONG: 086-14.10 W


                   TEMPERATURE (F), RAIN (in), WIND SPEED (mph)

                                         HEAT   COOL         AVG
      MEAN                               DEG    DEG          WIND                   DOM
DAY   TEMP   HIGH   TIME    LOW   TIME   DAYS   DAYS   RAIN  SPEED   HIGH   TIME    DIR
---------------------------------------------------------------------------------------
 01   76.4   85.6  16:32   71.0  02:18    0.0   11.4   0.00    0.5   12.0  09:12    317
 02   74.0   82.1  13:03   66.3  05:12    0.0    9.0   0.00    0.3   10.0  13:22     53
 03   75.3   83.3  16:27   67.4  23:57    0.0   10.3   0.00    0.9   13.0  11:27     39
 04   74.0   85.2  16:48   65.1  02:57    0.0    9.0   0.01    0.5    9.0  15:57     72
 05   73.7   82.0  10:59   66.6  05:41    0.0    8.7   0.04    0.2    8.0  10:31     90
 06   76.2   83.7  13:07   69.6  06:13    0.0   11.2   0.00    0.3   10.0  09:42    160
 07   74.7   83.5  11:44   69.3  02:54    0.0    9.7   0.00    0.5   12.0  12:17     96
 08   77.2   87.5  16:20   66.4  06:24    0.0   12.2   0.00    0.1    7.0  11:18    193
 09   79.8   89.2  16:05   70.4  05:07    0.0   14.8   0.00    0.8   10.0  14:02    168
 10   80.6   90.2  12:44   71.0  06:12    0.0   15.6   0.00    0.5   12.0  15:52    174
 11   79.2   90.2  12:51   72.1  06:36    0.0   14.2   0.00    0.4   11.0  13:59    207
 12   79.0   89.8  16:19   69.1  06:29    0.0   14.0   0.00    0.2    7.0  17:59    169
 13   78.8   88.6  12:42   71.3  06:38    0.0   13.8   0.49    0.5   12.0  19:22     21
 14   79.3   91.3  17:01   70.8  06:10    0.0   14.3   0.00    0.2    8.0  22:47    348
 15   76.8   85.9  15:41   70.4  05:34    0.0   11.8   0.26    1.2   12.0  14:09    153
 16   76.7   85.7  15:58   70.9  02:08    0.0   11.7   0.19    1.1   14.0  19:25    132
 17   74.4   80.2  15:20   70.8  23:34    0.0    9.4   0.00    1.4   13.0  08:41     57
 18   79.0   90.0  16:44   68.3  06:20    0.0   14.0   0.10    0.6   15.0  21:33    167
 19   74.2   80.9  17:33   70.8  04:42    0.0    9.2   0.38    0.2   11.0  11:00    105
 20   76.7   83.4  13:06   72.2  04:40    0.0   11.7   0.80    0.1   11.0  13:30    327
 21   74.6   77.7  15:55   72.3  03:16    0.0    9.6   0.42    0.1    9.0  16:15    216
 22   78.0   85.0  17:46   72.4  02:45    0.0   13.0   0.02    0.5   15.0  15:41    309
 23   79.9   90.5  16:50   70.5  04:49    0.0   14.9   0.00    0.5   10.0  11:42     35
 24   80.5   91.8  16:37   70.3  03:34    0.0   15.5   0.00    0.3    7.0  11:35     91
 25   81.9   91.7  16:35   72.4  06:25    0.0   16.9   0.00    0.6   11.0  21:20    109
 26   78.7   86.8  16:52   70.3  06:26    0.0   13.7   0.00    0.9   11.0  11:46    149
 27   78.2   86.9  11:37   71.3  05:49    0.0   13.2   0.22    0.9   18.0  21:20    131
 28   78.4   86.5  16:49   71.0  03:29    0.0   13.4   0.00    1.2   14.0  12:09    129
 29   78.0   86.5  14:37   73.5  05:12    0.0   13.0   0.00    1.5   19.0  14:40    145
 30   76.0   82.2  11:05   71.0  23:54    0.0   11.0   0.72    2.0   18.0  14:06    139
 31   71.6   73.5  09:08   70.0  21:52    0.0    6.6   1.79    4.3   24.0  01:00    161
---------------------------------------------------------------------------------------
      77.1   91.8     24   65.1     04    0.0  376.6   5.44    0.7   24.0     31    135