NOAA-Style Climate Reports


Report for 2021 September
                   MONTHLY CLIMATOLOGICAL SUMMARY for Sep 2021


NAME: KQ5S-Albertville, AL                  
ELEV: 1024 feet    LAT: 34-14.64 N    LONG: 086-14.10 W


                   TEMPERATURE (F), RAIN (in), WIND SPEED (mph)

                                         HEAT   COOL         AVG
      MEAN                               DEG    DEG          WIND                   DOM
DAY   TEMP   HIGH   TIME    LOW   TIME   DAYS   DAYS   RAIN  SPEED   HIGH   TIME    DIR
---------------------------------------------------------------------------------------
 01   75.4   84.1  15:52   68.2  06:34    0.0   10.4   0.00    0.8   12.0  00:31    318
 02   73.6   82.3  16:45   64.5  23:56    0.0    8.6   0.00    1.1   13.0  08:50     47
 03   71.8   84.5  16:30   60.9  04:06    0.0    6.8   0.00    0.8   12.0  16:37    151
 04   72.3   83.4  17:12   60.9  06:36    0.0    7.3   0.00    0.5   10.0  10:54    145
 05   73.7   84.2  15:57   60.9  06:26    0.0    8.7   0.10    0.4    9.0  09:29    263
 06   74.9   82.6  17:24   68.5  23:59    0.0    9.9   0.15    0.6   13.0  15:07     56
 07   75.3   85.1  11:52   64.5  05:00    0.0   10.3   0.00    0.4   11.0  14:23    151
 08   76.4   84.9  13:51   70.4  06:52    0.0   11.4   0.00    0.4   10.0  10:45    279
 09   71.7   79.2  16:44   59.5  23:59    0.0    6.7   0.00    1.3   17.0  11:51    354
 10   66.8   77.8  16:54   55.8  04:30    0.0    1.8   0.00    0.7   14.0  13:25     38
 11   70.0   83.2  17:09   57.5  06:30    0.0    5.0   0.00    0.5   11.0  11:58    155
 12   74.5   83.9  16:39   65.5  06:11    0.0    9.5   0.00    0.7   10.0  11:11    162
 13   76.0   86.8  16:24   67.3  06:40    0.0   11.0   0.00    0.3   12.0  11:49    269
 14   75.3   83.6  12:54   68.2  06:45    0.0   10.3   0.00    0.3   11.0  14:00    217
 15   71.9   75.9  12:05   69.1  23:58    0.0    6.9   0.02    0.7   11.0  18:56    123
 16   71.7   75.9  16:34   68.3  06:46    0.0    6.7   0.00    2.4   15.0  15:04    106
 17   74.0   78.0  15:59   70.7  02:37    0.0    9.0   0.00    0.7   11.0  11:10    144
 18   73.2   75.5  12:53   71.7  23:53    0.0    8.2   0.06    0.5   11.0  13:29    140
 19   72.7   76.0  13:27   71.1  06:05    0.0    7.7   0.45    0.5   12.0  11:38    154
 20   72.7   77.9  13:00   70.7  04:19    0.0    7.7   0.99    1.7   15.0  19:44    122
 21   74.4   80.7  17:17   70.1  07:10    0.0    9.4   0.04    0.3   10.0  00:00    138
 22   66.4   72.6  02:46   56.4  23:59    0.0    1.4   0.05    2.1   21.0  07:01    324
 23   58.7   69.8  16:46   48.7  06:46    6.3    0.0   0.00    1.0   14.0  01:04    343
 24   59.5   72.2  16:45   48.4  04:57    5.5    0.0   0.00    0.7   11.0  09:58     59
 25   61.9   75.3  17:26   49.9  05:42    3.1    0.0   0.00    0.4   12.0  13:50     12
 26   65.0   78.0  17:07   52.9  06:59    0.0    0.0   0.00    0.2   10.0  13:06    326
 27   67.2   80.2  16:53   55.2  06:51    0.0    2.2   0.00    0.2    9.0  11:52    176
 28   69.0   81.3  17:30   56.7  06:45    0.0    4.0   0.00    0.3    9.0  16:02     22
 29   72.0   83.5  16:31   61.4  05:48    0.0    7.0   0.00    0.3   10.0  15:53     74
 30   71.6   81.3  15:03   63.8  05:02    0.0    6.6   0.00    0.3   10.0  13:08    108
---------------------------------------------------------------------------------------
      71.0   86.8     13   48.4     24   14.9  194.4   1.86    0.7   21.0     22     92