NOAA-Style Climate Reports


Report for 2021 November
                   MONTHLY CLIMATOLOGICAL SUMMARY for Nov 2021


NAME: Albertville, AL-KQ5S                  
ELEV: 1024 feet    LAT: 34-14.64 N    LONG: 086-14.10 W


                   TEMPERATURE (F), RAIN (in), WIND SPEED (mph)

                                         HEAT   COOL         AVG
      MEAN                               DEG    DEG          WIND                   DOM
DAY   TEMP   HIGH   TIME    LOW   TIME   DAYS   DAYS   RAIN  SPEED   HIGH   TIME    DIR
---------------------------------------------------------------------------------------
 01   52.8   63.4  15:54   45.9  03:36   12.2    0.0   0.00    0.7   10.0  09:34     41
 02   50.9   59.5  15:15   43.8  23:37   14.1    0.0   0.00    0.9   14.0  14:22    340
 03   45.8   53.0  14:21   40.9  06:11   19.2    0.0   0.11    0.8   12.0  08:34     52
 04   46.4   47.6  13:11   45.1  00:00   18.6    0.0   0.17    0.7   12.0  10:40    108
 05   48.2   55.0  16:43   41.8  23:57   16.8    0.0   0.00    1.0   15.0  08:19    102
 06   45.0   58.7  16:12   34.4  07:00   20.0    0.0   0.00    0.6   14.0  12:17     25
 07   47.4   64.3  15:11   34.3  05:23   17.6    0.0   0.00    0.2   10.0  13:20     36
 08   51.5   71.4  15:07   36.8  06:40   13.5    0.0   0.00    0.0    8.0  10:50     84
 09   55.1   73.5  14:28   39.2  06:26    9.9    0.0   0.00    0.0    8.0  11:53    266
 10   56.9   71.2  14:57   44.6  06:30    8.1    0.0   0.00    0.1   12.0  10:52    154
 11   58.8   67.8  13:06   47.2  23:57    6.2    0.0   0.37    1.5   18.0  11:14    168
 12   51.0   64.9  15:19   41.8  06:51   14.0    0.0   0.01    0.4   10.0  14:31    240
 13   42.5   49.5  15:23   31.1  23:57   22.5    0.0   0.00    0.7   17.0  08:01    318
 14   42.5   58.1  15:24   29.1  06:15   22.5    0.0   0.00    0.2   14.0  14:54    269
 15   45.3   62.0  15:28   32.3  06:38   19.7    0.0   0.00    0.0    6.0  14:06     46
 16   57.6   71.8  15:25   41.9  00:00    7.4    0.0   0.00    0.1   11.0  13:46    236
 17   59.5   71.0  15:31   49.1  05:18    5.5    0.0   0.00    1.6   16.0  13:45    160
 18   52.0   65.9  09:27   39.0  22:04   13.0    0.0   0.05    1.0   16.0  13:23    319
 19   42.6   54.3  15:34   34.4  05:55   22.4    0.0   0.00    0.6   14.0  07:55     51
 20   47.7   59.3  15:24   39.3  00:07   17.3    0.0   0.00    2.2   22.0  08:34    137
 21   53.4   61.8  15:08   43.6  04:18   11.6    0.0   0.92    0.6   15.0  20:21    147
 22   47.9   54.7  00:00   35.2  23:58   17.1    0.0   0.04    1.7   20.0  11:41    331
 23   37.6   51.2  15:41   27.7  06:00   27.4    0.0   0.00    0.6   11.0  01:22     36
 24   45.4   57.9  15:28   34.2  03:46   19.6    0.0   0.00    1.8   18.0  13:09    156
 25   51.0   64.2  13:21   36.1  04:20   14.0    0.0   0.28    1.1   15.0  23:25    267
 26   37.6   47.5  00:00   28.8  23:56   27.4    0.0   0.00    1.6   15.0  00:00    318
 27   40.2   55.7  13:57   26.3  06:28   24.8    0.0   0.00    0.2    8.0  11:32    235
 28   45.6   59.0  15:28   33.3  05:39   19.4    0.0   0.00    0.4   10.0  14:29    319
 29   39.9   50.6  15:34   31.9  22:55   25.1    0.0   0.00    0.7   10.0  09:46      8
 30   45.8   64.4  15:27   30.5  05:18   19.2    0.0   0.00    0.5   11.0  10:25    279
---------------------------------------------------------------------------------------
      48.1   73.5     09   26.3     27  506.0    0.0   1.95    0.8   22.0     20     95