NOAA-Style Climate Reports


Report for 2021 December
                   MONTHLY CLIMATOLOGICAL SUMMARY for Dec 2021


NAME: KQ5S-Albertville, AL                  
ELEV: 1024 feet    LAT: 34-14.64 N    LONG: 086-14.10 W


                   TEMPERATURE (F), RAIN (in), WIND SPEED (mph)

                                         HEAT   COOL         AVG
      MEAN                               DEG    DEG          WIND                   DOM
DAY   TEMP   HIGH   TIME    LOW   TIME   DAYS   DAYS   RAIN  SPEED   HIGH   TIME    DIR
---------------------------------------------------------------------------------------
 01   52.2   65.6  15:22   39.1  06:55   12.8    0.0   0.00    0.5   12.0  15:20    253
 02   55.0   70.4  15:26   46.0  07:28   10.0    0.0   0.00    0.5   10.0  12:26    281
 03   55.2   70.8  15:08   42.0  05:40    9.8    0.0   0.00    0.3    7.0  11:30    267
 04   56.3   61.2  15:04   47.8  07:04    8.7    0.0   0.02    0.0    4.0  13:29    238
 05   61.7   68.6  15:01   56.7  05:44    3.3    0.0   0.01    1.2   14.0  23:05    163
 06   54.7   64.1  08:16   36.4  23:56   10.3    0.0   0.63    2.2   17.0  16:59    242
 07   39.6   45.3  15:48   32.0  06:34   25.4    0.0   0.02    1.0   14.0  07:33     76
 08   43.5   53.2  15:35   33.3  23:53   21.5    0.0   0.03    0.6   10.0  11:51    308
 09   46.5   56.2  14:36   32.1  02:04   18.5    0.0   0.04    3.6   19.0  11:46    151
 10   57.2   67.1  23:53   50.7  03:01    7.8    0.0   0.05    4.0   21.0  22:46    157
 11   57.6   71.1  08:53   41.3  23:55    7.4    0.0   0.69    3.0   24.0  09:00    249
 12   41.0   52.5  15:42   32.1  07:03   24.0    0.0   0.00    1.0   19.0  08:46     62
 13   44.6   60.7  15:40   31.1  04:40   20.4    0.0   0.00    0.5    9.0  08:52    160
 14   49.2   66.1  15:33   33.1  05:58   15.8    0.0   0.00    0.4    9.0  14:03    116
 15   53.9   60.1  14:42   46.5  00:00   11.1    0.0   0.00    3.4   17.0  10:56    140
 16   59.4   69.2  13:36   51.5  01:21    5.6    0.0   0.00    3.2   16.0  11:00    167
 17   61.9   65.2  14:29   58.4  01:48    3.1    0.0   0.00    1.9   15.0  10:55    174
 18   64.2   70.7  12:46   52.0  23:59    0.8    0.0   0.67    1.6   18.0  03:34    190
 19   41.7   52.1  00:00   32.7  23:56   23.3    0.0   0.15    1.7   15.0  03:36    346
 20   39.2   46.6  15:22   31.1  03:18   25.8    0.0   0.00    1.4   14.0  09:30    122
 21   43.4   48.6  14:25   39.6  07:37   21.6    0.0   0.01    0.4   10.0  14:25     48
 22   38.9   48.3  15:25   29.2  23:47   26.1    0.0   0.00    0.9   13.0  09:23    316
 23   41.9   57.6  14:45   26.9  05:01   23.1    0.0   0.00    0.4   11.0  13:51    167
 24   54.9   63.8  12:46   40.3  04:38   10.1    0.0   0.00    1.6   23.0  12:46    183
 25   63.4   66.2  15:06   61.1  00:00    1.6    0.0   0.00    2.0   18.0  02:09    246
 26   62.1   70.4  15:41   56.1  20:46    2.9    0.0   0.00    0.2    9.0  13:25    251
 27   64.8   69.0  14:37   59.8  00:11    0.2    0.0   0.00    1.1   14.0  09:31    239
 28   66.4   71.8  14:27   61.0  05:04    0.0    1.4   0.01    2.8   22.0  20:57    190
 29   67.1   72.9  15:46   62.9  23:02    0.0    2.1   2.00    1.7   18.0  20:25    189
 30   62.0   68.5  15:49   53.7  22:20    3.0    0.0   0.04    0.1    7.0  15:21    228
 31   63.8   68.5  23:47   55.3  00:00    1.2    0.0   0.82    1.0   11.0  06:54    176
---------------------------------------------------------------------------------------
      53.7   72.9     29   26.9     23  355.3    3.5   5.19    1.4   24.0     11    175