NOAA-Style Climate Reports


Report for 2024 June
                   MONTHLY CLIMATOLOGICAL SUMMARY for Jun 2024


NAME: KQ5S-ALBERTVILLE,AL                  
ELEV: 1024 feet    LAT: 34-14.64 N    LONG: 086-14.10 W


                   TEMPERATURE (F), RAIN (in), WIND SPEED (mph)

                                         HEAT   COOL         AVG
      MEAN                               DEG    DEG          WIND                   DOM
DAY   TEMP   HIGH   TIME    LOW   TIME   DAYS   DAYS   RAIN  SPEED   HIGH   TIME    DIR
---------------------------------------------------------------------------------------
 01   66.0   72.1  00:05   61.3  06:45    0.0    1.0   0.85    3.1   17.0  13:15    143
 02   70.0   78.1  12:00   65.8  00:40    0.0    5.0   0.01    0.6   11.0  10:50    168
 03   73.9   83.6  16:30   65.0  05:50    0.0    8.9   0.00    0.8   12.0  11:00    154
 04   75.5   86.1  16:05   69.4  05:00    0.0   10.5   0.01    1.5   18.0  13:35    163
 05   74.8   84.6  16:18   67.7  23:56    0.0    9.8   0.30    0.6   17.0  21:01    167
 06   73.3   83.2  16:58   66.4  02:16    0.0    8.3   0.00    0.2   10.0  16:07    205
 07   73.3   84.6  15:45   61.1  23:58    0.0    8.3   0.00    0.8   14.0  13:13    350
 08   70.7   83.2  16:13   55.5  05:51    0.0    5.7   0.00    0.1    9.0  13:27    158
 09   76.2   88.1  15:58   63.6  02:37    0.0   11.2   0.22    0.4   16.0  23:37    315
 10   71.5   81.4  15:52   62.9  23:58    0.0    6.5   0.00    0.7   13.0  16:26     13
 11   70.2   81.8  16:20   59.5  05:43    0.0    5.2   0.00    0.7   12.0  14:51     35
 12   71.8   83.0  13:12   58.9  05:15    0.0    6.8   0.00    0.2    7.0  07:15     75
 13   77.2   88.0  15:13   65.3  01:03    0.0   12.2   0.00    0.9   11.0  09:43    147
 14   79.3   90.1  15:05   66.5  05:48    0.0   14.3   0.00    0.1    8.0  11:32     21
 15   70.9   73.7  00:00   68.7  05:05    0.0    5.9   0.00    0.0    0.0  00:00    N/A
 16
 17
 18
 19
 20
 21
 22
 23
 24
 25
 26
 27
 28
 29
 30
---------------------------------------------------------------------------------------
      73.1   90.1     14   55.5     08    0.0  119.7   1.39    0.8   18.0     04    141