NOAA-Style Climate Reports


Report for 2024 July
                   MONTHLY CLIMATOLOGICAL SUMMARY for Jul 2024


NAME: KQ5S-ALBERTVILLE,AL                  
ELEV: 1024 feet    LAT: 34-14.64 N    LONG: 086-14.10 W


                   TEMPERATURE (F), RAIN (in), WIND SPEED (mph)

                                         HEAT   COOL         AVG
      MEAN                               DEG    DEG          WIND                   DOM
DAY   TEMP   HIGH   TIME    LOW   TIME   DAYS   DAYS   RAIN  SPEED   HIGH   TIME    DIR
---------------------------------------------------------------------------------------
 01   80.5   89.0  17:14   68.4  23:57    0.0   15.5   0.00    1.1   16.0  14:27     55
 02   77.5   85.8  14:54   67.5  00:37    0.0   12.5   0.00    2.7   16.0  14:19    146
 03   81.5   90.9  16:59   73.9  02:36    0.0   16.5   0.00    1.2   11.0  11:09    150
 04   84.6   95.0  15:46   73.5  05:56    0.0   19.6   0.00    0.4    9.0  20:06    225
 05   80.4   89.2  17:10   75.0  12:29    0.0   15.4   0.02    0.2    9.0  10:37    319
 06   81.5   90.7  11:50   73.0  23:34    0.0   16.5   0.00    0.7   12.0  13:54     43
 07   82.0   91.3  15:03   71.8  05:48    0.0   17.0   0.00    0.3    9.0  15:24     60
 08   83.0   95.0  13:47   73.1  22:22    0.0   18.0   0.11    0.6   14.0  21:35    116
 09   78.6   88.0  11:46   73.0  05:24    0.0   13.6   0.08    1.8   15.0  10:43    163
 10   75.5   85.2  16:59   67.1  05:43    0.0   10.5   0.00    0.5   12.0  11:59    352
 11   77.6   88.8  17:14   63.9  05:58    0.0   12.6   0.00    0.6   14.0  12:26     44
 12   80.9   93.1  17:06   65.1  05:55    0.0   15.9   0.00    0.3   11.0  13:03    347
 13   82.9   95.4  15:58   67.7  04:48    0.0   17.9   0.00    0.4    9.0  07:44     74
 14   72.0   81.1  07:49   69.4  06:10    0.0    7.0   0.00    0.0    0.0  00:00    N/A
 15
 16
 17
 18
 19
 20
 21
 22
 23
 24
 25
 26
 27
 28
 29
 30
 31
---------------------------------------------------------------------------------------
      80.3   95.4     13   63.9     11    0.0  208.6   0.21    0.8   16.0     01    124