NOAA-Style Climate Reports


Report for 2022 January
                   MONTHLY CLIMATOLOGICAL SUMMARY for Jan 2022


NAME: Albertville, AL                  
ELEV: 1024 feet    LAT: 34-14.64 N    LONG: 086-14.10 W


                   TEMPERATURE (F), RAIN (in), WIND SPEED (mph)

                                         HEAT   COOL         AVG
      MEAN                               DEG    DEG          WIND                   DOM
DAY   TEMP   HIGH   TIME    LOW   TIME   DAYS   DAYS   RAIN  SPEED   HIGH   TIME    DIR
---------------------------------------------------------------------------------------
 01   71.3   75.7  14:07   68.2  02:13    0.0    6.3   0.32    3.2   23.0  21:20    214
 02   53.5   70.3  00:00   32.6  23:57   11.5    0.0   1.23    2.4   19.0  00:02    308
 03   30.8   32.7  00:00   28.6  23:46   34.2    0.0   0.01    2.6   21.0  04:40    318
 04   37.8   48.8  15:02   26.6  05:27   27.2    0.0   0.23    2.0   19.0  15:12    152
 05   44.4   55.0  15:55   38.2  23:51   20.6    0.0   0.00    0.1   11.0  10:23    263
 06   35.9   42.1  12:33   26.3  23:26   29.1    0.0   0.30    1.7   17.0  17:31    327
 07   27.8   36.0  15:38   21.6  06:28   37.2    0.0   0.00    1.2   14.0  02:03    348
 08   40.7   54.7  15:44   27.2  04:27   24.3    0.0   0.00    2.9   19.0  09:40    139
 09   50.0   58.7  15:09   41.7  23:58   15.0    0.0   0.98    3.5   18.0  02:29    133
 10   38.0   44.9  15:41   30.8  06:58   27.0    0.0   0.00    1.9   16.0  14:20    344
 11   35.9   46.9  15:50   27.4  07:01   29.1    0.0   0.00    0.6   13.0  01:01     50
 12   39.8   55.0  15:39   26.6  07:09   25.2    0.0   0.00    0.7   11.0  10:45    182
 13   44.4   57.5  15:06   35.4  05:00   20.6    0.0   0.00    0.9   15.0  14:28    289
 14   42.2   51.3  14:42   32.7  07:33   22.8    0.0   0.00    0.4   11.0  11:32     23
 15   41.9   45.3  13:21   38.6  00:33   23.1    0.0   0.44    4.6   26.0  23:33     94
 16   36.1   40.4  02:00   32.8  21:35   28.9    0.0   0.96    4.4   34.0  04:05     79
 17   33.6   35.5  16:16   29.4  23:58   31.4    0.0   0.01    2.8   20.0  09:44    294
 18   38.4   52.2  15:36   24.9  07:04   26.6    0.0   0.00    0.6   11.0  11:24    167
 19   52.3   62.3  14:47   42.5  00:20   12.7    0.0   0.15    3.5   18.0  20:14    181
 20   33.8   52.5  00:00   26.7  20:47   31.2    0.0   0.07    2.1   16.0  03:25    340
 21   29.1   32.3  13:50   26.5  04:09   35.9    0.0   0.00    1.5   13.0  05:14     31
 22   29.8   39.5  15:49   23.5  23:55   35.2    0.0   0.00    0.6   13.0  13:12     15
 23   32.3   48.5  15:51   19.1  06:45   32.7    0.0   0.00    0.7   12.0  11:59    289
 24   42.6   58.7  15:35   25.9  06:27   22.4    0.0   0.00    0.6   11.0  14:39    252
 25   45.9   54.4  13:54   31.3  23:58   19.1    0.0   0.00    1.0   12.0  15:55    323
 26   32.7   43.9  15:57   25.3  06:56   32.3    0.0   0.00    1.6   15.0  11:38     25
 27   39.9   54.0  15:59   25.4  05:02   25.1    0.0   0.00    0.7   15.0  08:26    136
 28   36.2   43.6  14:23   27.0  23:13   28.8    0.0   0.00    2.0   24.0  19:46    300
 29   27.3   37.8  15:41   21.1  07:06   37.7    0.0   0.00    0.8   20.0  00:08    314
 30   39.7   57.9  15:54   23.5  00:08   25.3    0.0   0.00    0.5   13.0  13:15    276
 31   43.0   61.0  15:51   27.1  07:20   22.0    0.0   0.00    0.1    8.0  14:52    136
---------------------------------------------------------------------------------------
      39.6   75.7     01   19.1     23  793.8    6.3   4.70    1.7   34.0     16    314