NOAA-Style Climate Reports


Report for 2022 February
                   MONTHLY CLIMATOLOGICAL SUMMARY for Feb 2022


NAME: Albertville, AL                  
ELEV: 1024 feet    LAT: 34-14.64 N    LONG: 086-14.10 W


                   TEMPERATURE (F), RAIN (in), WIND SPEED (mph)

                                         HEAT   COOL         AVG
      MEAN                               DEG    DEG          WIND                   DOM
DAY   TEMP   HIGH   TIME    LOW   TIME   DAYS   DAYS   RAIN  SPEED   HIGH   TIME    DIR
---------------------------------------------------------------------------------------
 01   50.8   62.6  15:24   40.7  07:04   14.2    0.0   0.00    2.0   19.0  09:50    139
 02   50.8   54.7  12:15   47.6  23:15   14.2    0.0   0.99    4.3   22.0  07:01    137
 03   53.9   64.7  17:33   39.1  23:56   11.1    0.0   0.61    5.1   24.0  17:41    154
 04   33.5   39.1  00:00   29.0  23:53   31.5    0.0   0.11    2.1   16.0  03:21    306
 05   30.9   40.7  15:40   23.7  06:57   34.1    0.0   0.00    1.2   16.0  01:03     14
 06   38.1   50.8  15:51   24.7  02:16   26.9    0.0   0.00    1.4   15.0  11:08    129
 07   39.2   51.4  15:29   28.1  06:47   25.8    0.0   0.00    0.1   10.0  14:31    308
 08   39.7   54.1  15:43   27.2  07:00   25.3    0.0   0.00    0.3   12.0  12:33    349
 09   43.7   61.1  14:37   29.0  05:12   21.3    0.0   0.00    0.6   18.0  12:51    262
 10   46.9   64.2  15:37   32.2  06:28   18.1    0.0   0.00    0.3   12.0  13:09    280
 11   52.5   66.3  14:25   40.1  00:00   12.5    0.0   0.00    0.3   16.0  13:03    248
 12   47.0   58.2  13:25   33.8  23:55   18.0    0.0   0.00    0.8   15.0  13:25    323
 13   33.3   43.3  15:41   24.9  07:18   31.7    0.0   0.00    1.5   16.0  12:27    312
 14   38.5   56.9  15:45   22.6  05:49   26.5    0.0   0.00    0.7   11.0  10:05    295
 15   49.7   63.8  15:47   32.9  03:13   15.3    0.0   0.00    2.1   15.0  22:46    161
 16   57.3   67.1  15:54   46.3  06:04    7.7    0.0   0.00    4.6   19.0  13:42    156
 17   60.8   68.5  14:34   44.7  23:59    4.2    0.0   1.79    5.8   29.0  16:55    177
 18   35.8   44.7  00:00   29.0  23:58   29.2    0.0   0.00    2.1   20.0  02:05    321
 19   37.7   52.9  15:53   23.5  06:27   27.3    0.0   0.00    0.8   16.0  10:23    317
 20   46.1   61.3  15:36   29.3  04:15   18.9    0.0   0.00    1.4   16.0  08:45    143
 21   50.3   53.9  23:54   47.1  13:19   14.7    0.0   1.02    3.1   21.0  15:20    149
 22   62.6   69.0  15:51   53.9  00:00    2.4    0.0   0.00    5.6   19.0  03:42    170
 23   57.3   67.4  00:00   48.1  22:02    7.7    0.0   2.29    0.6   11.0  00:00    293
 24   59.5   67.3  16:50   48.9  00:00    5.5    0.0   0.01    1.2   17.0  21:40    176
 25   44.1   65.9  00:00   34.4  23:57   20.9    0.0   0.33    2.0   15.0  02:27    322
 26   39.3   43.4  13:43   33.7  05:40   25.7    0.0   0.22    1.1   14.0  01:14     34
 27   44.1   46.7  14:52   40.5  23:59   20.9    0.0   1.19    0.4    9.0  14:13     19
 28   44.0   58.1  16:47   32.3  06:32   21.0    0.0   0.00    0.5   11.0  13:55     30
---------------------------------------------------------------------------------------
      46.0   69.0     22   22.6     14  532.5    0.0   8.56    1.9   29.0     17    163