NOAA-Style Climate Reports


Report for 2022 March
                   MONTHLY CLIMATOLOGICAL SUMMARY for Mar 2022


NAME: Albertville, AL                  
ELEV: 1024 feet    LAT: 34-14.64 N    LONG: 086-14.10 W


                   TEMPERATURE (F), RAIN (in), WIND SPEED (mph)

                                         HEAT   COOL         AVG
      MEAN                               DEG    DEG          WIND                   DOM
DAY   TEMP   HIGH   TIME    LOW   TIME   DAYS   DAYS   RAIN  SPEED   HIGH   TIME    DIR
---------------------------------------------------------------------------------------
 01   47.7   65.3  16:35   32.0  06:41   17.3    0.0   0.00    0.4    9.0  11:35    298
 02   54.4   74.4  16:29   36.5  06:07   10.6    0.0   0.00    0.1   12.0  14:14    287
 03   57.8   76.5  16:43   40.6  06:36    7.2    0.0   0.00    0.1    8.0  10:02    293
 04   61.7   77.9  16:35   43.2  06:36    3.3    0.0   0.00    0.7   14.0  10:39    141
 05   66.1   75.8  14:34   55.4  06:31    0.0    1.1   0.00    3.7   21.0  12:35    168
 06   66.0   73.9  13:35   54.9  06:26    0.0    1.0   0.00    3.3   21.0  13:59    176
 07   60.7   72.9  10:43   46.9  23:59    4.3    0.0   0.06    3.4   24.0  11:49    241
 08   45.9   48.8  13:19   41.9  07:23   19.1    0.0   0.94    1.8   14.0  01:41     67
 09   46.9   53.2  14:43   42.8  23:57   18.1    0.0   0.53    1.5   15.0  07:22    345
 10   50.5   64.3  16:51   41.7  02:34   14.5    0.0   0.00    0.5   10.0  11:31    332
 11   53.6   67.8  16:48   34.8  23:58   11.4    0.0   0.33    1.6   24.0  22:25    115
 12   29.7   34.8  00:00   24.4  23:58   35.3    0.0   0.05    4.5   30.0  10:45    311
 13   37.2   56.0  17:45   20.7  06:50   27.8    0.0   0.03    0.7   11.0  14:15    237
 14   49.5   64.2  17:36   32.1  07:04   15.5    0.0   0.00    1.9   17.0  14:25    168
 15   54.4   58.0  12:14   49.1  05:52   10.6    0.0   0.63    3.8   21.0  21:29     99
 16   56.6   64.8  14:56   48.8  23:55    8.4    0.0   0.79    2.4   19.0  01:52     97
 17   58.6   71.0  16:38   48.3  05:29    6.4    0.0   0.00    1.1   13.0  14:02    161
 18   57.5   61.7  18:05   52.6  10:38    7.5    0.0   0.66    3.4   17.0  09:52    150
 19   51.0   61.1  00:00   40.9  23:59   14.0    0.0   0.00    2.2   18.0  16:45    287
 20   50.2   67.8  17:03   33.9  06:13   14.8    0.0   0.00    1.0   13.0  13:11    309
 21   58.2   71.8  17:01   41.7  02:28    6.8    0.0   0.00    2.4   16.0  11:10    144
 22   64.7   73.6  15:59   57.0  07:17    0.3    0.0   1.25    6.7   26.0  10:52    149
 23   60.0   67.1  14:24   46.4  23:59    5.0    0.0   0.49    2.8   21.0  12:44    227
 24   50.7   63.9  16:03   38.7  04:44   14.3    0.0   0.00    1.5   19.0  11:57    279
 25   50.8   60.8  16:51   42.7  06:55   14.2    0.0   0.00    1.5   19.0  15:48    293
 26   52.4   63.8  16:41   40.6  01:39   12.6    0.0   0.00    4.1   25.0  13:00    289
 27   48.5   58.1  15:28   37.0  06:18   16.5    0.0   0.00    0.8   15.0  12:44    318
 28   51.3   64.3  16:54   37.7  06:48   13.7    0.0   0.00    0.6   11.0  09:01     26
 29   61.2   74.1  15:42   47.8  01:59    3.8    0.0   0.00    2.2   15.0  10:21    159
 30   69.8   78.8  15:12   60.5  06:57    0.0    4.8   0.35    6.5   34.0  20:29    167
 31   56.1   63.1  00:00   48.6  21:40    8.9    0.0   0.21    1.3   15.0  00:06    276
---------------------------------------------------------------------------------------
      54.2   78.8     30   20.7     13  342.4    6.9   6.32    2.2   34.0     30    181