NOAA-Style Climate Reports


Report for 2022 April
                   MONTHLY CLIMATOLOGICAL SUMMARY for Apr 2022


NAME: Albertville, AL                  
ELEV: 1024 feet    LAT: 34-14.64 N    LONG: 086-14.10 W


                   TEMPERATURE (F), RAIN (in), WIND SPEED (mph)

                                         HEAT   COOL         AVG
      MEAN                               DEG    DEG          WIND                   DOM
DAY   TEMP   HIGH   TIME    LOW   TIME   DAYS   DAYS   RAIN  SPEED   HIGH   TIME    DIR
---------------------------------------------------------------------------------------
 01   50.0   62.3  17:38   40.0  06:37   15.0    0.0   0.00    0.9   14.0  01:37    316
 02   51.8   67.1  16:58   38.7  06:35   13.2    0.0   0.00    0.2   10.0  17:07     75
 03   53.4   66.5  16:43   41.1  04:24   11.6    0.0   0.00    0.9   14.0  12:57    328
 04   57.7   76.3  16:56   38.8  06:20    7.3    0.0   0.00    0.8   12.0  08:59    149
 05   59.3   67.2  18:01   52.4  08:40    5.7    0.0   1.53    1.5   25.0  13:01    135
 06   66.0   81.2  15:29   55.1  00:00    0.0    1.0   0.04    1.1   16.0  18:02    253
 07   56.6   64.2  12:12   47.3  07:06    8.4    0.0   0.00    1.8   20.0  14:07    287
 08   45.3   49.7  00:25   40.1  06:47   19.7    0.0   0.00    1.2   16.0  13:44    286
 09   47.6   60.2  16:50   39.2  23:59   17.4    0.0   0.00    2.2   24.0  14:45    289
 10   56.7   75.1  16:32   34.7  05:31    8.3    0.0   0.00    1.7   16.0  16:38    165
 11   59.5   66.7  18:07   53.9  03:17    5.5    0.0   0.09    1.6   16.0  17:15    164
 12   68.9   78.8  16:08   57.7  00:00    0.0    3.9   0.00    2.6   19.0  14:58    175
 13   70.7   79.1  13:26   64.8  07:05    0.0    5.7   0.51    3.9   25.0  17:42    169
 14   59.6   67.8  16:33   50.5  22:28    5.4    0.0   0.66    1.0   29.0  01:19    319
 15   61.5   77.6  16:50   41.2  06:49    3.5    0.0   0.00    1.8   20.0  10:34    149
 16   63.0   70.3  12:31   55.0  05:04    2.0    0.0   0.72    0.9   14.0  03:22    162
 17   59.8   71.2  16:48   53.9  06:34    5.2    0.0   0.31    0.9   16.0  22:26    114
 18   55.3   60.2  06:22   47.8  23:59    9.7    0.0   0.01    1.3   17.0  12:55    309
 19   49.4   62.6  17:21   39.1  03:44   15.6    0.0   0.00    0.6   14.0  09:09    353
 20   57.7   70.3  16:42   41.2  02:20    7.3    0.0   0.00    3.4   19.0  09:48    144
 21   66.9   78.8  17:16   59.7  06:23    0.0    1.9   0.00    1.8   14.0  11:59    157
 22   68.8   81.5  17:12   55.3  05:53    0.0    3.8   0.00    1.1   11.0  13:03    151
 23   70.0   82.0  16:12   56.8  05:40    0.0    5.0   0.00    2.1   17.0  16:36    159
 24   70.2   80.8  16:13   61.6  06:23    0.0    5.2   0.00    1.9   15.0  10:06    158
 25   71.5   82.6  16:25   59.4  06:42    0.0    6.5   0.00    1.0   18.0  10:14    176
 26   60.1   68.0  00:00   52.4  23:57    4.9    0.0   0.63    1.0   16.0  16:03    351
 27   57.7   71.6  16:20   42.4  06:05    7.3    0.0   0.00    1.7   16.0  08:37     65
 28   61.5   77.9  16:50   44.6  06:13    3.5    0.0   0.00    0.8   12.0  16:28    146
 29   66.9   78.6  16:09   54.5  00:20    0.0    1.9   0.00    1.9   15.0  14:55    157
 30   69.4   80.6  16:25   58.8  04:39    0.0    4.4   0.00    2.0   16.0  09:58    161
---------------------------------------------------------------------------------------
      60.4   82.6     25   34.7     10  176.7   39.4   4.50    1.5   29.0     14    168