NOAA-Style Climate Reports


Report for 2022 May
                   MONTHLY CLIMATOLOGICAL SUMMARY for May 2022


NAME: Albertville, AL                  
ELEV: 1024 feet    LAT: 34-14.64 N    LONG: 086-14.10 W


                   TEMPERATURE (F), RAIN (in), WIND SPEED (mph)

                                         HEAT   COOL         AVG
      MEAN                               DEG    DEG          WIND                   DOM
DAY   TEMP   HIGH   TIME    LOW   TIME   DAYS   DAYS   RAIN  SPEED   HIGH   TIME    DIR
---------------------------------------------------------------------------------------
 01   70.4   81.6  16:50   63.0  23:58    0.0    5.4   0.07    0.9   29.0  08:34    190
 02   71.7   82.9  14:34   59.1  06:21    0.0    6.7   0.00    0.6   11.0  10:22    163
 03   73.1   82.6  16:29   66.8  06:32    0.0    8.1   0.00    0.8   19.0  13:35    217
 04   74.2   83.3  17:01   65.6  06:23    0.0    9.2   0.00    0.4   10.0  11:33    331
 05   73.4   85.8  16:25   62.3  04:43    0.0    8.4   0.06    0.8   16.0  15:40    165
 06   68.3   74.8  12:31   59.7  23:49    0.0    3.3   0.10    1.8   24.0  14:25    239
 07   58.4   63.5  14:35   55.2  05:45    6.6    0.0   0.04    0.6   12.0  10:44    316
 08   63.1   74.4  17:04   52.8  03:11    1.9    0.0   0.00    0.6   10.0  07:39     83
 09   65.1   76.2  16:24   55.9  06:10    0.0    0.1   0.00    1.6   12.0  07:26    144
 10   68.4   83.1  17:11   54.6  05:11    0.0    3.4   0.00    0.5   13.0  10:51    155
 11   72.3   85.6  17:11   57.7  05:57    0.0    7.3   0.00    0.4    9.0  08:30    118
 12   74.4   84.6  16:13   65.1  23:11    0.0    9.4   0.00    0.8   12.0  08:32    127
 13   71.1   80.0  16:19   64.8  22:34    0.0    6.1   0.00    1.3   13.0  09:43    131
 14   72.9   84.8  17:13   62.2  05:54    0.0    7.9   0.00    0.4    9.0  14:29    166
 15   74.3   87.1  16:40   62.8  03:49    0.0    9.3   0.06    0.5   14.0  14:23     22
 16   71.7   82.3  16:40   60.7  23:59    0.0    6.7   0.00    0.5   12.0  12:39    352
 17   68.9   84.1  16:43   52.4  05:41    0.0    3.9   0.00    0.7   14.0  11:32     62
 18   72.6   88.0  16:19   55.4  05:28    0.0    7.6   0.00    0.8   13.0  09:39    168
 19   78.1   89.9  17:11   65.4  06:02    0.0   13.1   0.00    0.6   14.0  13:29    216
 20   77.5   88.1  16:28   67.5  06:14    0.0   12.5   0.00    2.1   17.0  14:37    167
 21   79.4   89.9  16:27   71.7  06:11    0.0   14.4   0.00    1.4   16.0  12:08    168
 22   75.7   86.6  11:45   66.5  05:29    0.0   10.7   0.09    1.0   13.0  20:54    118
 23   69.9   76.5  13:34   65.3  23:54    0.0    4.9   0.56    0.5   11.0  09:38     25
 24   69.1   79.0  16:14   62.1  03:04    0.0    4.1   0.37    0.9   24.0  18:55    134
 25   68.3   71.4  17:27   65.7  00:00    0.0    3.3   0.85    3.0   16.0  17:05    147
 26   67.9   72.0  17:05   62.8  23:18    0.0    2.9   0.36    3.7   21.0  12:20    162
 27   67.7   75.1  12:47   58.7  23:55    0.0    2.7   0.00    0.6   16.0  11:14    281
 28   67.7   79.4  16:27   55.7  06:04    0.0    2.7   0.00    0.2    8.0  14:59     29
 29   72.4   83.5  17:07   59.8  05:59    0.0    7.4   0.00    0.6   13.0  14:12    156
 30   76.8   87.7  16:48   63.8  05:26    0.0   11.8   0.00    1.2   14.0  13:55    155
 31   77.9   87.4  12:50   67.2  05:41    0.0   12.9   0.00    0.4    9.0  10:50    143
---------------------------------------------------------------------------------------
      71.4   89.9     19   52.4     17    8.5  206.1   2.56    1.0   29.0     01    157