NOAA-Style Climate Reports


Report for 2022 June
                   MONTHLY CLIMATOLOGICAL SUMMARY for Jun 2022


NAME: Albertville, AL                  
ELEV: 1024 feet    LAT: 34-14.64 N    LONG: 086-14.10 W


                   TEMPERATURE (F), RAIN (in), WIND SPEED (mph)

                                         HEAT   COOL         AVG
      MEAN                               DEG    DEG          WIND                   DOM
DAY   TEMP   HIGH   TIME    LOW   TIME   DAYS   DAYS   RAIN  SPEED   HIGH   TIME    DIR
---------------------------------------------------------------------------------------
 01   78.5   89.2  15:58   66.2  05:38    0.0   13.5   0.00    0.2    6.0  11:27     58
 02   72.2   87.5  10:54   66.8  05:58    0.0    7.2   0.73    0.2   17.0  12:37    317
 03   71.4   78.3  14:44   63.5  23:57    0.0    6.4   0.00    0.4   10.0  12:45     39
 04   72.4   82.5  16:16   61.5  02:28    0.0    7.4   0.00    0.9   17.0  09:33     93
 05   75.0   85.8  16:55   65.2  02:45    0.0   10.0   0.00    1.0   13.0  15:23    142
 06   74.7   84.9  12:22   67.8  06:14    0.0    9.7   0.36    1.4   13.0  15:23    151
 07   73.3   83.7  12:51   68.8  18:39    0.0    8.3   1.70    0.9   18.0  17:53    136
 08   73.7   84.2  15:16   68.4  01:33    0.0    8.7   0.24    0.4   18.0  19:25    206
 09   73.7   82.6  16:57   64.9  23:57    0.0    8.7   0.00    0.4   12.0  12:50    346
 10   70.3   81.0  12:39   59.9  05:56    0.0    5.3   0.00    0.2    8.0  09:41     96
 11   74.2   87.5  17:00   59.7  04:41    0.0    9.2   0.00    0.0    7.0  12:10    135
 12   78.1   89.7  16:35   66.5  05:10    0.0   13.1   0.00    0.3   10.0  10:41    185
 13   83.0   93.6  16:35   71.7  05:53    0.0   18.0   0.00    0.3   10.0  12:36    229
 14   84.0   93.6  16:01   73.3  05:55    0.0   19.0   0.00    0.1    7.0  09:52    298
 15   83.6   95.8  16:18   69.2  23:27    0.0   18.6   0.04    0.6   31.0  22:05     97
 16   81.5   95.1  16:42   66.8  05:56    0.0   16.5   0.00    0.3    9.0  02:24    106
 17   79.4   92.4  13:01   71.6  23:52    0.0   14.4   0.07    0.5   20.0  14:02      0
 18   77.9   88.6  15:06   67.2  05:42    0.0   12.9   0.00    0.9   15.0  17:29     11
 19   74.1   85.8  15:59   61.9  23:57    0.0    9.1   0.00    1.0   12.0  11:10     70
 20   75.1   90.1  16:10   58.0  05:31    0.0   10.1   0.00    0.4    9.0  11:06    125
 21   79.8   93.4  16:43   65.0  05:41    0.0   14.8   0.00    0.3   11.0  12:53     10
 22   82.5   95.6  16:27   68.3  05:57    0.0   17.5   0.00    0.4   13.0  11:25    357
 23   81.7   93.2  12:14   69.4  06:03    0.0   16.7   0.00    0.7   13.0  16:11    358
 24   80.1   94.0  16:39   63.4  05:51    0.0   15.1   0.00    0.3   11.0  13:02     18
 25   81.6   89.4  15:31   74.1  05:50    0.0   16.6   0.00    1.7   12.0  08:11    138
 26   81.1   90.0  15:58   70.6  04:43    0.0   16.1   0.00    0.6   12.0  08:21    156
 27   79.0   86.6  17:25   72.1  05:54    0.0   14.0   0.00    0.8   13.0  13:22     30
 28   76.5   88.2  16:16   69.4  06:04    0.0   11.5   0.00    0.9   13.0  19:55     96
 29   78.0   86.6  16:56   70.4  05:11    0.0   13.0   0.04    0.8   15.0  23:20    131
 30   76.4   87.4  12:34   70.1  05:54    0.0   11.4   0.00    0.5   11.0  13:15    150
---------------------------------------------------------------------------------------
      77.4   95.8     15   58.0     20    0.0  372.4   3.18    0.6   31.0     15    104