NOAA-Style Climate Reports


Report for 2022 July
                   MONTHLY CLIMATOLOGICAL SUMMARY for Jul 2022


NAME: Albertville, AL                  
ELEV: 1024 feet    LAT: 34-14.64 N    LONG: 086-14.10 W


                   TEMPERATURE (F), RAIN (in), WIND SPEED (mph)

                                         HEAT   COOL         AVG
      MEAN                               DEG    DEG          WIND                   DOM
DAY   TEMP   HIGH   TIME    LOW   TIME   DAYS   DAYS   RAIN  SPEED   HIGH   TIME    DIR
---------------------------------------------------------------------------------------
 01   78.6   89.2  12:55   71.0  06:09    0.0   13.6   0.00    0.2    9.0  13:20    144
 02   79.3   90.5  12:50   69.8  05:25    0.0   14.3   0.00    0.1   10.0  13:31    164
 03   81.2   94.8  16:35   72.2  03:48    0.0   16.2   0.61    0.5    9.0  11:53    239
 04   81.2   91.3  16:48   71.3  05:46    0.0   16.2   0.01    0.4   11.0  13:23     97
 05   83.0   95.2  16:45   73.1  05:41    0.0   18.0   0.06    0.2    9.0  15:55    161
 06   83.0   94.6  16:36   73.6  05:44    0.0   18.0   0.00    0.3   14.0  19:40     22
 07   82.3   94.8  16:26   73.1  06:03    0.0   17.3   0.00    0.3   11.0  17:00      9
 08   83.5   95.7  12:44   72.4  06:15    0.0   18.5   0.04    0.4   11.0  13:19    141
 09   78.6   91.7  13:40   72.0  23:35    0.0   13.6   0.38    0.8   14.0  07:23    156
 10   76.1   84.7  15:18   70.4  05:04    0.0   11.1   0.02    0.5   11.0  16:02      9
 11   77.1   85.2  16:13   71.9  00:00    0.0   12.1   0.00    1.2   10.0  13:56    116
 12   79.3   89.5  17:28   70.3  03:18    0.0   14.3   0.00    0.2    9.0  15:17    165
 13   76.4   83.6  14:25   70.7  06:07    0.0   11.4   0.00    0.1   10.0  16:08    318
 14   78.5   89.3  16:16   69.2  04:58    0.0   13.5   0.00    0.6   12.0  14:21     68
 15   79.8   92.5  16:46   65.1  06:03    0.0   14.8   0.00    0.5   11.0  16:18     55
 16   80.6   92.9  12:18   69.2  06:02    0.0   15.6   0.00    0.5   11.0  19:47    158
 17   81.8   92.1  12:10   70.3  03:57    0.0   16.8   0.00    0.7   14.0  14:36    169
 18   78.6   87.2  10:22   71.5  05:53    0.0   13.6   0.00    0.5   13.0  10:09    264
 19   76.9   88.8  16:06   69.1  05:34    0.0   11.9   1.02    0.6   11.0  13:30    177
 20   83.7   94.7  16:33   74.5  04:43    0.0   18.7   0.00    0.7   13.0  10:40    220
 21   81.4   91.8  14:53   74.0  23:56    0.0   16.4   0.00    0.6   14.0  08:33    194
 22   78.6   89.4  17:25   71.2  02:44    0.0   13.6   0.78    0.3    9.0  11:19    170
 23   80.6   91.3  16:06   70.3  05:53    0.0   15.6   0.00    0.3   11.0  15:18    156
 24   79.8   90.4  14:42   70.1  04:48    0.0   14.8   0.01    0.5   12.0  17:57    152
 25   78.4   88.5  12:56   73.1  06:06    0.0   13.4   0.04    0.4   10.0  18:34    174
 26   80.5   91.1  17:29   72.3  06:19    0.0   15.5   0.00    0.5   10.0  11:19    178
 27   82.0   91.7  16:17   72.7  05:56    0.0   17.0   0.00    0.6   12.0  13:22    179
 28   82.7   92.4  14:52   71.6  06:01    0.0   17.7   0.00    0.3   11.0  18:20    270
 29   81.4   94.0  16:51   72.9  20:56    0.0   16.4   1.46    0.6   14.0  12:23    295
 30   76.3   86.3  13:04   72.0  23:51    0.0   11.3   0.21    0.3   10.0  14:55    163
 31   76.6   86.6  16:01   71.2  02:27    0.0   11.6   0.02    0.4   13.0  16:40    193
---------------------------------------------------------------------------------------
      79.9   95.7     08   65.1     15    0.0  462.9   4.66    0.5   14.0     06    153