NOAA-Style Climate Reports


Report for 2022 August
                   MONTHLY CLIMATOLOGICAL SUMMARY for Aug 2022


NAME: Albertville, AL                  
ELEV: 1024 feet    LAT: 34-14.64 N    LONG: 086-14.10 W


                   TEMPERATURE (F), RAIN (in), WIND SPEED (mph)

                                         HEAT   COOL         AVG
      MEAN                               DEG    DEG          WIND                   DOM
DAY   TEMP   HIGH   TIME    LOW   TIME   DAYS   DAYS   RAIN  SPEED   HIGH   TIME    DIR
---------------------------------------------------------------------------------------
 01   75.0   79.3  13:50   71.2  03:02    0.0   10.0   0.15    0.2    8.0  14:40     88
 02   78.6   88.9  15:54   71.2  02:51    0.0   13.6   0.00    0.1    8.0  10:31    292
 03   78.9   88.8  16:34   69.7  06:10    0.0   13.9   0.00    0.3   11.0  18:54    163
 04   79.4   88.0  16:22   71.6  06:20    0.0   14.4   0.00    1.4   15.0  14:40    156
 05   81.2   92.2  16:44   70.9  06:20    0.0   16.2   0.00    0.6   11.0  12:29    157
 06   78.5   90.5  11:15   71.0  22:56    0.0   13.5   0.42    0.7   20.0  18:18    106
 07   77.6   88.2  13:03   70.6  06:08    0.0   12.6   0.00    0.6   13.0  15:54    130
 08   79.1   89.7  15:52   69.4  05:54    0.0   14.1   0.00    0.3    9.0  16:33    121
 09   75.8   89.0  11:49   71.1  23:55    0.0   10.8   0.36    0.4   15.0  13:37    158
 10   73.9   82.8  12:46   70.7  04:53    0.0    8.9   1.01    0.3    8.0  12:04     99
 11   76.1   85.8  17:13   70.2  06:18    0.0   11.1   0.65    0.3   13.0  14:13    159
 12   77.2   87.2  16:34   70.4  23:53    0.0   12.2   0.00    0.6   13.0  13:55     40
 13   74.4   86.1  17:33   63.5  06:20    0.0    9.4   0.00    0.5   11.0  09:33    114
 14   77.6   89.3  16:54   66.8  06:29    0.0   12.6   0.00    0.5   10.0  13:36    166
 15   76.6   89.0  15:15   68.4  05:58    0.0   11.6   0.16    0.3   13.0  15:33    285
 16   74.1   82.1  13:29   65.3  06:20    0.0    9.1   0.00    0.4   10.0  13:19     25
 17   72.5   77.2  10:04   66.9  05:29    0.0    7.5   0.01    0.3    8.0  08:19     56
 18   74.4   87.3  16:58   65.3  06:15    0.0    9.4   0.00    0.5   10.0  11:27    107
 19
 20
 21
 22
 23
 24
 25
 26
 27
 28
 29
 30
 31
---------------------------------------------------------------------------------------
      76.8   92.2     05   63.5     13    0.0  210.9   2.76    0.5   20.0     06    132